{"id":1255,"date":"2016-09-11T16:35:15","date_gmt":"2016-09-11T15:35:15","guid":{"rendered":"http:\/\/www.vom-elbhochufer.de\/?page_id=1255"},"modified":"2017-05-30T21:24:32","modified_gmt":"2017-05-30T20:24:32","slug":"freya-vom-elbhochufer","status":"publish","type":"page","link":"https:\/\/www.vom-elbhochufer.de\/?page_id=1255","title":{"rendered":"Freya vom Elbhochufer"},"content":{"rendered":"<h3>Freya vom Elbhochufer<a href=\"http:\/\/www.vom-elbhochufer.de\/wp-content\/uploads\/2016\/09\/fwurfbt.jpg\"><img loading=\"lazy\" decoding=\"async\" class=\"size-medium wp-image-1256 alignright\" src=\"http:\/\/www.vom-elbhochufer.de\/wp-content\/uploads\/2016\/09\/fwurfbt-240x300.jpg\" alt=\"fwurfbt\" width=\"240\" height=\"300\" srcset=\"https:\/\/www.vom-elbhochufer.de\/wp-content\/uploads\/2016\/09\/fwurfbt-240x300.jpg 240w, https:\/\/www.vom-elbhochufer.de\/wp-content\/uploads\/2016\/09\/fwurfbt.jpg 480w\" sizes=\"auto, (max-width: 240px) 100vw, 240px\" \/><\/a><\/h3>\n<h5><strong>Britisch Kurzhaar<\/strong><\/h5>\n<h6>*24.07.2016<\/h6>\n<h6>Farbe: black-tortie (schwarz schildpatt)<br \/>\n(tr\u00e4gt evtl. chocolate)<\/h6>\n<p>Freya ist ein kleiner Wirbelwind. Sie spielt und tobt viel mit ihren Geschwistern. F\u00fcr eine Jagd auf einen Federwedel oder eine Spielangel gibt sie auch gerne ihren Mittagsschlaf auf. Sie war die erste, die es geschafft hat aufs Bett und auf die Kratztonne zu klettern. Sie genie\u00dft es aber auch mit Geschwistern oder Menschen zu kuscheln.<br \/>\n<a href=\"http:\/\/www.vom-elbhochufer.de\/wp-content\/uploads\/2016\/08\/DSC_0145.jpg\"><img loading=\"lazy\" decoding=\"async\" class=\"alignleft size-medium wp-image-1214\" src=\"http:\/\/www.vom-elbhochufer.de\/wp-content\/uploads\/2016\/08\/DSC_0145-300x237.jpg\" alt=\"DSC_0145\" width=\"300\" height=\"237\" srcset=\"https:\/\/www.vom-elbhochufer.de\/wp-content\/uploads\/2016\/08\/DSC_0145-300x237.jpg 300w, https:\/\/www.vom-elbhochufer.de\/wp-content\/uploads\/2016\/08\/DSC_0145-768x607.jpg 768w, https:\/\/www.vom-elbhochufer.de\/wp-content\/uploads\/2016\/08\/DSC_0145-1024x809.jpg 1024w, https:\/\/www.vom-elbhochufer.de\/wp-content\/uploads\/2016\/08\/DSC_0145.jpg 1832w\" sizes=\"auto, (max-width: 300px) 100vw, 300px\" \/><\/a><br \/>\nSie hat eine interessante Farbverteilung mit einer roten Blesse auf Nase und Stirn und einem halben Ring um ihr linkes Auge. Sie hat rote Zehen und ein interessante Musterung \u00fcber den ganzen K\u00f6rper, die auf den Fotos leider nicht so gut zu sehen ist. Ihr Fell ist gut durchgef\u00e4rbt, kurz und griffig. Noch hat sie den &#8222;traurigen Blick&#8220;, der tolle Kulleraugen verspricht.<\/p>\n<p>Freya ist mit ihrer Schwester Ferun zusammen ausgezogen.<\/p>\n<p>&nbsp;<\/p>\n","protected":false},"excerpt":{"rendered":"<p>Freya vom Elbhochufer Britisch Kurzhaar *24.07.2016 Farbe: black-tortie (schwarz schildpatt) (tr\u00e4gt evtl. chocolate) Freya ist ein kleiner Wirbelwind. Sie spielt und tobt viel mit ihren Geschwistern. F\u00fcr eine Jagd auf einen Federwedel oder eine Spielangel gibt sie auch gerne ihren Mittagsschlaf auf. Sie war die erste, die es geschafft hat aufs Bett und auf die&hellip; <a class=\"more-link\" href=\"https:\/\/www.vom-elbhochufer.de\/?page_id=1255\"><span class=\"screen-reader-text\">Freya vom Elbhochufer<\/span> weiterlesen<\/a><\/p>\n","protected":false},"author":1,"featured_media":0,"parent":1183,"menu_order":0,"comment_status":"closed","ping_status":"closed","template":"","meta":{"footnotes":""},"class_list":["post-1255","page","type-page","status-publish","hentry","entry"],"_links":{"self":[{"href":"https:\/\/www.vom-elbhochufer.de\/index.php?rest_route=\/wp\/v2\/pages\/1255","targetHints":{"allow":["GET"]}}],"collection":[{"href":"https:\/\/www.vom-elbhochufer.de\/index.php?rest_route=\/wp\/v2\/pages"}],"about":[{"href":"https:\/\/www.vom-elbhochufer.de\/index.php?rest_route=\/wp\/v2\/types\/page"}],"author":[{"embeddable":true,"href":"https:\/\/www.vom-elbhochufer.de\/index.php?rest_route=\/wp\/v2\/users\/1"}],"replies":[{"embeddable":true,"href":"https:\/\/www.vom-elbhochufer.de\/index.php?rest_route=%2Fwp%2Fv2%2Fcomments&post=1255"}],"version-history":[{"count":4,"href":"https:\/\/www.vom-elbhochufer.de\/index.php?rest_route=\/wp\/v2\/pages\/1255\/revisions"}],"predecessor-version":[{"id":1356,"href":"https:\/\/www.vom-elbhochufer.de\/index.php?rest_route=\/wp\/v2\/pages\/1255\/revisions\/1356"}],"up":[{"embeddable":true,"href":"https:\/\/www.vom-elbhochufer.de\/index.php?rest_route=\/wp\/v2\/pages\/1183"}],"wp:attachment":[{"href":"https:\/\/www.vom-elbhochufer.de\/index.php?rest_route=%2Fwp%2Fv2%2Fmedia&parent=1255"}],"curies":[{"name":"wp","href":"https:\/\/api.w.org\/{rel}","templated":true}]}}