{"id":1279,"date":"2016-09-11T17:28:43","date_gmt":"2016-09-11T16:28:43","guid":{"rendered":"http:\/\/www.vom-elbhochufer.de\/?page_id=1279"},"modified":"2016-10-21T16:11:17","modified_gmt":"2016-10-21T15:11:17","slug":"fenris-vom-elbhochufer","status":"publish","type":"page","link":"https:\/\/www.vom-elbhochufer.de\/?page_id=1279","title":{"rendered":"Fenris vom Elbhochufer"},"content":{"rendered":"<h3 style=\"text-align: left;\">Fenris vom Elbhochufer<a href=\"http:\/\/www.vom-elbhochufer.de\/wp-content\/uploads\/2016\/09\/fenris3.jpg\"><img loading=\"lazy\" decoding=\"async\" class=\"size-medium wp-image-1308 alignright\" src=\"http:\/\/www.vom-elbhochufer.de\/wp-content\/uploads\/2016\/09\/fenris3-300x281.jpg\" alt=\"fenris3\" width=\"300\" height=\"281\" srcset=\"https:\/\/www.vom-elbhochufer.de\/wp-content\/uploads\/2016\/09\/fenris3-300x281.jpg 300w, https:\/\/www.vom-elbhochufer.de\/wp-content\/uploads\/2016\/09\/fenris3-768x720.jpg 768w, https:\/\/www.vom-elbhochufer.de\/wp-content\/uploads\/2016\/09\/fenris3.jpg 1000w\" sizes=\"auto, (max-width: 300px) 100vw, 300px\" \/><\/a><\/h3>\n<h5><strong>Britisch Kurzhaar<\/strong><\/h5>\n<h6>*24.07.2016<\/h6>\n<h6>Farbe: red (rot)<br \/>\n(tr\u00e4gt Verd\u00fcnnung und evtl. chocolate)<\/h6>\n<p>Fenris ist ein roter Kater mit gro\u00dfen Pfoten, die vermuten lassen, dass er wohl ein gro\u00dfer Kater werden wird. Er hat noch ziemllich viel Geisterzeichnung, wie man sie bei den meisten roten oder creme-farbenen Tieren sieht. Sein Fell ist gut durchgef\u00e4rbt, kurz und griffig. Fenris hat einen offenen Blick mit wachen, runden Augen und sch\u00f6n gesetzten Ohren. Er ist ziemlich intelligent, spielt und tobt viel mit seinen Geschwistern. Er l\u00e4sst sich auch von einem Kater, der 10x so viel wiegt wie sie selber, nicht das Spielzeug streitig machen. Fenris genie\u00dft es aber auch mit Geschwistern oder Menschen zu kuscheln. Er spricht viel mit seinen Menschen und liegt gerne auf dem Scho\u00df um sich kraulen zu lassen.<\/p>\n<p>Unser roter Kater sucht noch nach einem liebevollen Zuhause mit Katzengesellschaft.<br \/>\n<strong>[nggallery id=49]<\/strong><\/p>\n","protected":false},"excerpt":{"rendered":"<p>Fenris vom Elbhochufer Britisch Kurzhaar *24.07.2016 Farbe: red (rot) (tr\u00e4gt Verd\u00fcnnung und evtl. chocolate) Fenris ist ein roter Kater mit gro\u00dfen Pfoten, die vermuten lassen, dass er wohl ein gro\u00dfer Kater werden wird. Er hat noch ziemllich viel Geisterzeichnung, wie man sie bei den meisten roten oder creme-farbenen Tieren sieht. Sein Fell ist gut durchgef\u00e4rbt,&hellip; <a class=\"more-link\" href=\"https:\/\/www.vom-elbhochufer.de\/?page_id=1279\"><span class=\"screen-reader-text\">Fenris vom Elbhochufer<\/span> weiterlesen<\/a><\/p>\n","protected":false},"author":1,"featured_media":0,"parent":1183,"menu_order":0,"comment_status":"closed","ping_status":"closed","template":"","meta":{"footnotes":""},"class_list":["post-1279","page","type-page","status-publish","hentry","entry"],"_links":{"self":[{"href":"https:\/\/www.vom-elbhochufer.de\/index.php?rest_route=\/wp\/v2\/pages\/1279","targetHints":{"allow":["GET"]}}],"collection":[{"href":"https:\/\/www.vom-elbhochufer.de\/index.php?rest_route=\/wp\/v2\/pages"}],"about":[{"href":"https:\/\/www.vom-elbhochufer.de\/index.php?rest_route=\/wp\/v2\/types\/page"}],"author":[{"embeddable":true,"href":"https:\/\/www.vom-elbhochufer.de\/index.php?rest_route=\/wp\/v2\/users\/1"}],"replies":[{"embeddable":true,"href":"https:\/\/www.vom-elbhochufer.de\/index.php?rest_route=%2Fwp%2Fv2%2Fcomments&post=1279"}],"version-history":[{"count":5,"href":"https:\/\/www.vom-elbhochufer.de\/index.php?rest_route=\/wp\/v2\/pages\/1279\/revisions"}],"predecessor-version":[{"id":1306,"href":"https:\/\/www.vom-elbhochufer.de\/index.php?rest_route=\/wp\/v2\/pages\/1279\/revisions\/1306"}],"up":[{"embeddable":true,"href":"https:\/\/www.vom-elbhochufer.de\/index.php?rest_route=\/wp\/v2\/pages\/1183"}],"wp:attachment":[{"href":"https:\/\/www.vom-elbhochufer.de\/index.php?rest_route=%2Fwp%2Fv2%2Fmedia&parent=1279"}],"curies":[{"name":"wp","href":"https:\/\/api.w.org\/{rel}","templated":true}]}}