{"id":1458,"date":"2018-03-11T16:10:27","date_gmt":"2018-03-11T15:10:27","guid":{"rendered":"http:\/\/www.vom-elbhochufer.de\/?page_id=1458"},"modified":"2019-11-02T12:16:18","modified_gmt":"2019-11-02T11:16:18","slug":"himmelgrau","status":"publish","type":"page","link":"https:\/\/www.vom-elbhochufer.de\/?page_id=1458","title":{"rendered":"Himmelblau &#038; Flora"},"content":{"rendered":"\n<div class=\"wp-block-image\"><figure class=\"alignright\"><img loading=\"lazy\" decoding=\"async\" width=\"300\" height=\"225\" src=\"http:\/\/www.vom-elbhochufer.de\/wp-content\/uploads\/2019\/11\/20190724_201404-300x225.jpg\" alt=\"\" class=\"wp-image-1753\" srcset=\"https:\/\/www.vom-elbhochufer.de\/wp-content\/uploads\/2019\/11\/20190724_201404-300x225.jpg 300w, https:\/\/www.vom-elbhochufer.de\/wp-content\/uploads\/2019\/11\/20190724_201404-768x576.jpg 768w, https:\/\/www.vom-elbhochufer.de\/wp-content\/uploads\/2019\/11\/20190724_201404-1024x768.jpg 1024w\" sizes=\"auto, (max-width: 300px) 100vw, 300px\" \/><\/figure><\/div>\n\n\n\n<h1 class=\"wp-block-heading\">Tao &amp; Flora<\/h1>\n\n\n\n<h3 class=\"wp-block-heading\">Tao: Himmelblau vom Elbhochufer<\/h3>\n\n\n\n<h5 class=\"wp-block-heading\">Britisch Kurzhaar Kater<\/h5>\n\n\n\n<h6 class=\"wp-block-heading\">*09.12.2017<br>Farbe: wei\u00df mit orangefarbenen Augen \/white orange eyed<\/h6>\n\n\n\n<h3 class=\"wp-block-heading\"> Fr\u00e4ulein Flora: Pussycat Deluxe Galaxy*PL <\/h3>\n\n\n\n<h5 class=\"wp-block-heading\">Orientalisch Kurzhaar Katze<\/h5>\n\n\n\n<h6 class=\"wp-block-heading\">*16.1.2018<br>Farbe: blach tabby makerel<\/h6>\n\n\n\n<div class=\"wp-block-image\"><figure class=\"alignleft is-resized\"><img loading=\"lazy\" decoding=\"async\" src=\"http:\/\/www.vom-elbhochufer.de\/wp-content\/uploads\/2019\/07\/Himmelblau-und-Flora-e1562530912924.jpg\" alt=\"\" class=\"wp-image-1748\" width=\"192\" height=\"207\" srcset=\"https:\/\/www.vom-elbhochufer.de\/wp-content\/uploads\/2019\/07\/Himmelblau-und-Flora-e1562530912924.jpg 441w, https:\/\/www.vom-elbhochufer.de\/wp-content\/uploads\/2019\/07\/Himmelblau-und-Flora-e1562530912924-279x300.jpg 279w\" sizes=\"auto, (max-width: 192px) 100vw, 192px\" \/><\/figure><\/div>\n\n\n\n<p>Manchmal ziehen Gegens\u00e4tze sich an. Diese zwei sind ein echtes Traumpar. Himmelblau, genannt Tao, und F\u00e4urlein Flora. Tao hat sich zu einem sch\u00f6nen Britenkater entwickelt. Er ist sch\u00f6n cobby ohne dick zu wirken. Von seinem Papa hat er den runden Kopf und die weit plazierten Ohren geerbt, von Mama die tollen orangefarbenen Augen. Vom Wesen her ist er entspannt. Gerne kommt er zum Kuscheln aufs Sofa oder ins Bett. Er kann aber auch mit seiner Freundin \u00fcber&#8217;s Parkett toben, B\u00e4lle jagen oder mit Federwedeln spielen&#8230;. <\/p>\n\n\n\n<div class=\"wp-block-image\"><figure class=\"alignleft is-resized\"><img loading=\"lazy\" decoding=\"async\" src=\"http:\/\/www.vom-elbhochufer.de\/wp-content\/uploads\/2019\/06\/56542007_436828230397595_6472893289941958656_n-2-768x1024.jpg\" alt=\"\" class=\"wp-image-1743\" width=\"240\" height=\"319\" srcset=\"https:\/\/www.vom-elbhochufer.de\/wp-content\/uploads\/2019\/06\/56542007_436828230397595_6472893289941958656_n-2-768x1024.jpg 768w, https:\/\/www.vom-elbhochufer.de\/wp-content\/uploads\/2019\/06\/56542007_436828230397595_6472893289941958656_n-2-225x300.jpg 225w, https:\/\/www.vom-elbhochufer.de\/wp-content\/uploads\/2019\/06\/56542007_436828230397595_6472893289941958656_n-2.jpg 1530w\" sizes=\"auto, (max-width: 240px) 100vw, 240px\" \/><figcaption>Die Zwei kuscheln gerne zusammen&#8230;<\/figcaption><\/figure><\/div>\n\n\n\n<p> Fr\u00e4ulein Flora (Pussycat Deluxe Galaxy*PL, *16.1.2018) ist eine  waschechte Orientalin.  Flora ist sehr gespr\u00e4chig und antwortet immer wenn man sie anspricht. <\/p>\n\n\n\n<h4 class=\"wp-block-heading\">Das war Tao als Kitten&#8230;<\/h4>\n\n\n\n<p>Dieser kleine Kater f\u00e4llt wegen seiner gro\u00dfen Kulleraugen sofort ins Auge. Mein Mann wollte ihn unbedingt Himmelblau. Also hei\u00dft dieser freche kleine Kater jetzt &#8222;Himmelblau&#8220;. Er spielt und rauft sehr gerne. Wenn er Beute gemacht hat, kennt er keine Freunde mehr, sondern l\u00e4uft knurrend durch die Wohnung. Auch seinen Futternapf verteidigt er ausdauernd. Himmelgrau ist verschmust und liebt es, sich die \u00d6hrchen und das Kinn streicheln zu lassen. Er ist bei lauten Ger\u00e4uchen &#8222;erstmal weg&#8220;. Der &#8222;Schreck&#8220; dauert in der Regel etwa 15-20Sekunden, dann \u00fcberwiegt die Neugierde und er muss mal gucken, was da knistert oder poltert&#8230;. Meistens sind das seine Geschwister, die etwas zum Spielen gefunden haben&#8230;. Himmelgrau hat schneewei\u00dfes dichtes und griffiges Fell. Sein Kopf ist wunderbar rund mit riesigen, runden Kulleraugen.Die weit gesetzten Ohren unterstreichen die Wirkung der Augen noch. Er war (und ist) der Schwerste und Gr\u00f6\u00dfte im Wurf&nbsp; und wenn es nicht gerade ums Essen geht ist er freundlich, kuschelig und verspielt. Himmelblau ist bereits vergeben&#8230;.<\/p>\n\n\n\n<ul class=\"wp-block-gallery columns-3 is-cropped wp-block-gallery-1 is-layout-flex wp-block-gallery-is-layout-flex\"><li class=\"blocks-gallery-item\"><figure><img loading=\"lazy\" decoding=\"async\" width=\"2580\" height=\"1914\" src=\"http:\/\/www.vom-elbhochufer.de\/wp-content\/uploads\/2018\/02\/DSC_0711_00001.jpg\" alt=\"\" data-id=\"1423\" class=\"wp-image-1423\" srcset=\"https:\/\/www.vom-elbhochufer.de\/wp-content\/uploads\/2018\/02\/DSC_0711_00001.jpg 2580w, https:\/\/www.vom-elbhochufer.de\/wp-content\/uploads\/2018\/02\/DSC_0711_00001-300x223.jpg 300w, https:\/\/www.vom-elbhochufer.de\/wp-content\/uploads\/2018\/02\/DSC_0711_00001-768x570.jpg 768w, https:\/\/www.vom-elbhochufer.de\/wp-content\/uploads\/2018\/02\/DSC_0711_00001-1024x760.jpg 1024w\" sizes=\"auto, (max-width: 2580px) 100vw, 2580px\" \/><\/figure><\/li><li class=\"blocks-gallery-item\"><figure><img loading=\"lazy\" decoding=\"async\" width=\"3142\" height=\"2742\" src=\"http:\/\/www.vom-elbhochufer.de\/wp-content\/uploads\/2018\/03\/DSC_0686_00002.jpg\" alt=\"\" data-id=\"1448\" class=\"wp-image-1448\" srcset=\"https:\/\/www.vom-elbhochufer.de\/wp-content\/uploads\/2018\/03\/DSC_0686_00002.jpg 3142w, https:\/\/www.vom-elbhochufer.de\/wp-content\/uploads\/2018\/03\/DSC_0686_00002-300x262.jpg 300w, https:\/\/www.vom-elbhochufer.de\/wp-content\/uploads\/2018\/03\/DSC_0686_00002-768x670.jpg 768w, https:\/\/www.vom-elbhochufer.de\/wp-content\/uploads\/2018\/03\/DSC_0686_00002-1024x894.jpg 1024w\" sizes=\"auto, (max-width: 3142px) 100vw, 3142px\" \/><\/figure><\/li><li class=\"blocks-gallery-item\"><figure><img loading=\"lazy\" decoding=\"async\" width=\"2104\" height=\"1336\" src=\"http:\/\/www.vom-elbhochufer.de\/wp-content\/uploads\/2018\/03\/DSC_0070_00001.jpg\" alt=\"\" data-id=\"1462\" class=\"wp-image-1462\" srcset=\"https:\/\/www.vom-elbhochufer.de\/wp-content\/uploads\/2018\/03\/DSC_0070_00001.jpg 2104w, https:\/\/www.vom-elbhochufer.de\/wp-content\/uploads\/2018\/03\/DSC_0070_00001-300x190.jpg 300w, https:\/\/www.vom-elbhochufer.de\/wp-content\/uploads\/2018\/03\/DSC_0070_00001-768x488.jpg 768w, https:\/\/www.vom-elbhochufer.de\/wp-content\/uploads\/2018\/03\/DSC_0070_00001-1024x650.jpg 1024w\" sizes=\"auto, (max-width: 2104px) 100vw, 2104px\" \/><\/figure><\/li><li class=\"blocks-gallery-item\"><figure><img loading=\"lazy\" decoding=\"async\" width=\"2464\" height=\"2184\" src=\"http:\/\/www.vom-elbhochufer.de\/wp-content\/uploads\/2018\/03\/DSC_0052_00001.jpg\" alt=\"\" data-id=\"1463\" class=\"wp-image-1463\" srcset=\"https:\/\/www.vom-elbhochufer.de\/wp-content\/uploads\/2018\/03\/DSC_0052_00001.jpg 2464w, https:\/\/www.vom-elbhochufer.de\/wp-content\/uploads\/2018\/03\/DSC_0052_00001-300x266.jpg 300w, https:\/\/www.vom-elbhochufer.de\/wp-content\/uploads\/2018\/03\/DSC_0052_00001-768x681.jpg 768w, https:\/\/www.vom-elbhochufer.de\/wp-content\/uploads\/2018\/03\/DSC_0052_00001-1024x908.jpg 1024w\" sizes=\"auto, (max-width: 2464px) 100vw, 2464px\" \/><\/figure><\/li><li class=\"blocks-gallery-item\"><figure><img loading=\"lazy\" decoding=\"async\" width=\"2464\" height=\"2184\" src=\"http:\/\/www.vom-elbhochufer.de\/wp-content\/uploads\/2018\/03\/DSC_0052_00001_01.jpg\" alt=\"\" data-id=\"1464\" class=\"wp-image-1464\" srcset=\"https:\/\/www.vom-elbhochufer.de\/wp-content\/uploads\/2018\/03\/DSC_0052_00001_01.jpg 2464w, https:\/\/www.vom-elbhochufer.de\/wp-content\/uploads\/2018\/03\/DSC_0052_00001_01-300x266.jpg 300w, https:\/\/www.vom-elbhochufer.de\/wp-content\/uploads\/2018\/03\/DSC_0052_00001_01-768x681.jpg 768w, https:\/\/www.vom-elbhochufer.de\/wp-content\/uploads\/2018\/03\/DSC_0052_00001_01-1024x908.jpg 1024w\" sizes=\"auto, (max-width: 2464px) 100vw, 2464px\" \/><\/figure><\/li><li class=\"blocks-gallery-item\"><figure><img loading=\"lazy\" decoding=\"async\" width=\"2550\" height=\"1457\" src=\"http:\/\/www.vom-elbhochufer.de\/wp-content\/uploads\/2018\/03\/DSC_0054_00001.jpg\" alt=\"\" data-id=\"1465\" class=\"wp-image-1465\" srcset=\"https:\/\/www.vom-elbhochufer.de\/wp-content\/uploads\/2018\/03\/DSC_0054_00001.jpg 2550w, https:\/\/www.vom-elbhochufer.de\/wp-content\/uploads\/2018\/03\/DSC_0054_00001-300x171.jpg 300w, https:\/\/www.vom-elbhochufer.de\/wp-content\/uploads\/2018\/03\/DSC_0054_00001-768x439.jpg 768w, https:\/\/www.vom-elbhochufer.de\/wp-content\/uploads\/2018\/03\/DSC_0054_00001-1024x585.jpg 1024w\" sizes=\"auto, (max-width: 2550px) 100vw, 2550px\" \/><\/figure><\/li><li class=\"blocks-gallery-item\"><figure><img loading=\"lazy\" decoding=\"async\" width=\"3094\" height=\"2315\" src=\"http:\/\/www.vom-elbhochufer.de\/wp-content\/uploads\/2018\/03\/DSC_0058_00001.jpg\" alt=\"\" data-id=\"1466\" class=\"wp-image-1466\" srcset=\"https:\/\/www.vom-elbhochufer.de\/wp-content\/uploads\/2018\/03\/DSC_0058_00001.jpg 3094w, https:\/\/www.vom-elbhochufer.de\/wp-content\/uploads\/2018\/03\/DSC_0058_00001-300x224.jpg 300w, https:\/\/www.vom-elbhochufer.de\/wp-content\/uploads\/2018\/03\/DSC_0058_00001-768x575.jpg 768w, https:\/\/www.vom-elbhochufer.de\/wp-content\/uploads\/2018\/03\/DSC_0058_00001-1024x766.jpg 1024w\" sizes=\"auto, (max-width: 3094px) 100vw, 3094px\" \/><\/figure><\/li><li class=\"blocks-gallery-item\"><figure><img loading=\"lazy\" decoding=\"async\" width=\"2104\" height=\"1336\" src=\"http:\/\/www.vom-elbhochufer.de\/wp-content\/uploads\/2018\/03\/DSC_0070_00001-1.jpg\" alt=\"\" data-id=\"1467\" class=\"wp-image-1467\" srcset=\"https:\/\/www.vom-elbhochufer.de\/wp-content\/uploads\/2018\/03\/DSC_0070_00001-1.jpg 2104w, https:\/\/www.vom-elbhochufer.de\/wp-content\/uploads\/2018\/03\/DSC_0070_00001-1-300x190.jpg 300w, https:\/\/www.vom-elbhochufer.de\/wp-content\/uploads\/2018\/03\/DSC_0070_00001-1-768x488.jpg 768w, https:\/\/www.vom-elbhochufer.de\/wp-content\/uploads\/2018\/03\/DSC_0070_00001-1-1024x650.jpg 1024w\" sizes=\"auto, (max-width: 2104px) 100vw, 2104px\" \/><\/figure><\/li><li class=\"blocks-gallery-item\"><figure><img loading=\"lazy\" decoding=\"async\" width=\"4345\" height=\"3150\" src=\"http:\/\/www.vom-elbhochufer.de\/wp-content\/uploads\/2018\/03\/DSC_0684_00001.jpg\" alt=\"\" data-id=\"1468\" class=\"wp-image-1468\" srcset=\"https:\/\/www.vom-elbhochufer.de\/wp-content\/uploads\/2018\/03\/DSC_0684_00001.jpg 4345w, https:\/\/www.vom-elbhochufer.de\/wp-content\/uploads\/2018\/03\/DSC_0684_00001-300x217.jpg 300w, https:\/\/www.vom-elbhochufer.de\/wp-content\/uploads\/2018\/03\/DSC_0684_00001-768x557.jpg 768w, https:\/\/www.vom-elbhochufer.de\/wp-content\/uploads\/2018\/03\/DSC_0684_00001-1024x742.jpg 1024w\" sizes=\"auto, (max-width: 4345px) 100vw, 4345px\" \/><\/figure><\/li><li class=\"blocks-gallery-item\"><figure><img loading=\"lazy\" decoding=\"async\" width=\"4928\" height=\"3264\" src=\"http:\/\/www.vom-elbhochufer.de\/wp-content\/uploads\/2018\/03\/DSC_0702.jpg\" alt=\"\" data-id=\"1469\" class=\"wp-image-1469\" srcset=\"https:\/\/www.vom-elbhochufer.de\/wp-content\/uploads\/2018\/03\/DSC_0702.jpg 4928w, https:\/\/www.vom-elbhochufer.de\/wp-content\/uploads\/2018\/03\/DSC_0702-300x199.jpg 300w, https:\/\/www.vom-elbhochufer.de\/wp-content\/uploads\/2018\/03\/DSC_0702-768x509.jpg 768w, https:\/\/www.vom-elbhochufer.de\/wp-content\/uploads\/2018\/03\/DSC_0702-1024x678.jpg 1024w\" sizes=\"auto, (max-width: 4928px) 100vw, 4928px\" \/><\/figure><\/li><\/ul>\n","protected":false},"excerpt":{"rendered":"<p>Tao &amp; Flora Tao: Himmelblau vom Elbhochufer Britisch Kurzhaar Kater *09.12.2017Farbe: wei\u00df mit orangefarbenen Augen \/white orange eyed Fr\u00e4ulein Flora: Pussycat Deluxe Galaxy*PL Orientalisch Kurzhaar Katze *16.1.2018Farbe: blach tabby makerel Manchmal ziehen Gegens\u00e4tze sich an. Diese zwei sind ein echtes Traumpar. Himmelblau, genannt Tao, und F\u00e4urlein Flora. Tao hat sich zu einem sch\u00f6nen Britenkater entwickelt.&hellip; <a class=\"more-link\" href=\"https:\/\/www.vom-elbhochufer.de\/?page_id=1458\"><span class=\"screen-reader-text\">Himmelblau &#038; Flora<\/span> weiterlesen<\/a><\/p>\n","protected":false},"author":1,"featured_media":0,"parent":1372,"menu_order":0,"comment_status":"closed","ping_status":"closed","template":"","meta":{"footnotes":""},"class_list":["post-1458","page","type-page","status-publish","hentry","entry"],"_links":{"self":[{"href":"https:\/\/www.vom-elbhochufer.de\/index.php?rest_route=\/wp\/v2\/pages\/1458","targetHints":{"allow":["GET"]}}],"collection":[{"href":"https:\/\/www.vom-elbhochufer.de\/index.php?rest_route=\/wp\/v2\/pages"}],"about":[{"href":"https:\/\/www.vom-elbhochufer.de\/index.php?rest_route=\/wp\/v2\/types\/page"}],"author":[{"embeddable":true,"href":"https:\/\/www.vom-elbhochufer.de\/index.php?rest_route=\/wp\/v2\/users\/1"}],"replies":[{"embeddable":true,"href":"https:\/\/www.vom-elbhochufer.de\/index.php?rest_route=%2Fwp%2Fv2%2Fcomments&post=1458"}],"version-history":[{"count":13,"href":"https:\/\/www.vom-elbhochufer.de\/index.php?rest_route=\/wp\/v2\/pages\/1458\/revisions"}],"predecessor-version":[{"id":1754,"href":"https:\/\/www.vom-elbhochufer.de\/index.php?rest_route=\/wp\/v2\/pages\/1458\/revisions\/1754"}],"up":[{"embeddable":true,"href":"https:\/\/www.vom-elbhochufer.de\/index.php?rest_route=\/wp\/v2\/pages\/1372"}],"wp:attachment":[{"href":"https:\/\/www.vom-elbhochufer.de\/index.php?rest_route=%2Fwp%2Fv2%2Fmedia&parent=1458"}],"curies":[{"name":"wp","href":"https:\/\/api.w.org\/{rel}","templated":true}]}}