{"id":1582,"date":"2018-12-12T19:46:33","date_gmt":"2018-12-12T18:46:33","guid":{"rendered":"http:\/\/www.vom-elbhochufer.de\/?page_id=1582"},"modified":"2019-11-02T13:23:28","modified_gmt":"2019-11-02T12:23:28","slug":"unser-i-wurf-vom-elbhochufer","status":"publish","type":"page","link":"https:\/\/www.vom-elbhochufer.de\/?page_id=1582","title":{"rendered":"I-Wurf"},"content":{"rendered":"\n<h3 class=\"wp-block-heading\" style=\"text-align:left\">unser I-Wurf ~vom Elbhochufer~!<\/h3>\n\n\n\n<p>*20.11.2018<\/p>\n\n\n\n<h5 class=\"wp-block-heading\">Int. Ch. Dorin vom Elbhochufer &amp; Gr. Ch. Int. White Snow von der Veste<\/h5>\n\n\n\n<div class=\"wp-block-column is-layout-flow wp-block-column-is-layout-flow\">\n<div class=\"wp-block-columns has-2-columns is-layout-flex wp-container-core-columns-is-layout-9d6595d7 wp-block-columns-is-layout-flex\">\n<div class=\"wp-block-column is-layout-flow wp-block-column-is-layout-flow\">\n<figure class=\"wp-block-image\"><img decoding=\"async\" src=\"http:\/\/www.vom-elbhochufer.de\/wp-content\/uploads\/2018\/02\/dorin.jpg\" alt=\"\"\/><figcaption>Dorin: BLH<br><br>cream<\/figcaption><\/figure>\n\n\n\n<p>PKD negativ<br>HCM negativ<br>Blutgruppe A\/A<br><\/p>\n<\/div>\n\n\n\n<div class=\"wp-block-column is-layout-flow wp-block-column-is-layout-flow\">\n<figure class=\"wp-block-image is-resized\"><img loading=\"lazy\" decoding=\"async\" src=\"http:\/\/www.vom-elbhochufer.de\/wp-content\/uploads\/2018\/12\/Flocke1-1024x768.jpg\" alt=\"\" class=\"wp-image-1611\" width=\"269\" height=\"200\"\/><figcaption>Flocke: BKH<br><br>white orange eyes<\/figcaption><\/figure>\n\n\n\n<p>PKD negativ<br>HCM negativ<br>Blutgruppe A\/b<br><\/p>\n<\/div>\n<\/div>\n\n\n\n<p>Kurz vor Weihnachten hat Flocke uns einen Schneefl\u00f6ckchen-Wurf geschenkt. Die Kitten aus Dorin und Flocke&#8217;s letztem Wurf konnten sich sehen lassen und so haben wir uns entschieden, denWurf zu wiederholen um eventuell ein M\u00e4dchen aus dieser Verpaarung zu behalten. <br>Nun haben wir 4 schneewei\u00dfe Babys und es ist auch ein M\u00e4dchen dabei. Alle vier entwickeln sich gut bisher und ichbin schon sehr gespannt. Flocke ist eine sehr liebevolle Mutterkatze und dabei trotzdem entspannt. Es macht Freude, sie mit ihren Babys zu beobachten.<\/p>\n\n\n\n<table class=\"wp-block-table has-fixed-layout\"><tbody><tr><td><strong>Name<\/strong><\/td><td><strong>Geschlecht<\/strong><\/td><td><strong>Farbe<\/strong><\/td><td><strong>BKH \/ BLH<\/strong><\/td><td><strong>Status<\/strong><\/td><\/tr><tr><td>Isabella<\/td><td>w<\/td><td>white \/ orange eyes<\/td><td>BKH<\/td><td>vergeben<\/td><\/tr><tr><td>Ivan<\/td><td>m<\/td><td>white \/ orange eyes<\/td><td>BKH<\/td><td>vergeben<\/td><\/tr><tr><td><a href=\"http:\/\/www.vom-elbhochufer.de\/?page_id=1691\">Ingemar<\/a><\/td><td>m<\/td><td>white \/ orange eyes<\/td><td>BKH<\/td><td>vergeben<\/td><\/tr><tr><td><a href=\"http:\/\/www.vom-elbhochufer.de\/?page_id=1691\">Isildur<\/a><\/td><td>m<\/td><td>white \/ orange eyes<\/td><td>BKH<\/td><td>vergeben<\/td><\/tr><\/tbody><\/table>\n\n\n\n<ul class=\"wp-block-gallery columns-3 is-cropped wp-block-gallery-1 is-layout-flex wp-block-gallery-is-layout-flex\"><li class=\"blocks-gallery-item\"><figure><img loading=\"lazy\" decoding=\"async\" width=\"1024\" height=\"791\" src=\"http:\/\/www.vom-elbhochufer.de\/wp-content\/uploads\/2018\/12\/KatzeI-Wurf-1-1024x791.jpg\" alt=\"\" data-id=\"1607\" data-link=\"http:\/\/www.vom-elbhochufer.de\/?attachment_id=1607\" class=\"wp-image-1607\" srcset=\"https:\/\/www.vom-elbhochufer.de\/wp-content\/uploads\/2018\/12\/KatzeI-Wurf-1-1024x791.jpg 1024w, https:\/\/www.vom-elbhochufer.de\/wp-content\/uploads\/2018\/12\/KatzeI-Wurf-1-300x232.jpg 300w, https:\/\/www.vom-elbhochufer.de\/wp-content\/uploads\/2018\/12\/KatzeI-Wurf-1-768x593.jpg 768w\" sizes=\"auto, (max-width: 1024px) 100vw, 1024px\" \/><\/figure><\/li><li class=\"blocks-gallery-item\"><figure><img loading=\"lazy\" decoding=\"async\" width=\"1024\" height=\"760\" src=\"http:\/\/www.vom-elbhochufer.de\/wp-content\/uploads\/2018\/12\/Kater3I-Wurf-1-1024x760.jpg\" alt=\"\" data-id=\"1606\" data-link=\"http:\/\/www.vom-elbhochufer.de\/?attachment_id=1606\" class=\"wp-image-1606\" srcset=\"https:\/\/www.vom-elbhochufer.de\/wp-content\/uploads\/2018\/12\/Kater3I-Wurf-1-1024x760.jpg 1024w, https:\/\/www.vom-elbhochufer.de\/wp-content\/uploads\/2018\/12\/Kater3I-Wurf-1-300x223.jpg 300w, https:\/\/www.vom-elbhochufer.de\/wp-content\/uploads\/2018\/12\/Kater3I-Wurf-1-768x570.jpg 768w, https:\/\/www.vom-elbhochufer.de\/wp-content\/uploads\/2018\/12\/Kater3I-Wurf-1.jpg 1504w\" sizes=\"auto, (max-width: 1024px) 100vw, 1024px\" \/><\/figure><\/li><li class=\"blocks-gallery-item\"><figure><img loading=\"lazy\" decoding=\"async\" width=\"1024\" height=\"650\" src=\"http:\/\/www.vom-elbhochufer.de\/wp-content\/uploads\/2018\/12\/Kater2I-Wurf2-1-1024x650.jpg\" alt=\"\" data-id=\"1605\" data-link=\"http:\/\/www.vom-elbhochufer.de\/?attachment_id=1605\" class=\"wp-image-1605\" srcset=\"https:\/\/www.vom-elbhochufer.de\/wp-content\/uploads\/2018\/12\/Kater2I-Wurf2-1-1024x650.jpg 1024w, https:\/\/www.vom-elbhochufer.de\/wp-content\/uploads\/2018\/12\/Kater2I-Wurf2-1-300x190.jpg 300w, https:\/\/www.vom-elbhochufer.de\/wp-content\/uploads\/2018\/12\/Kater2I-Wurf2-1-768x487.jpg 768w\" sizes=\"auto, (max-width: 1024px) 100vw, 1024px\" \/><\/figure><\/li><li class=\"blocks-gallery-item\"><figure><img loading=\"lazy\" decoding=\"async\" width=\"1024\" height=\"777\" src=\"http:\/\/www.vom-elbhochufer.de\/wp-content\/uploads\/2018\/12\/Kater2I-Wurf-1-1024x777.jpg\" alt=\"\" data-id=\"1604\" data-link=\"http:\/\/www.vom-elbhochufer.de\/?attachment_id=1604\" class=\"wp-image-1604\" srcset=\"https:\/\/www.vom-elbhochufer.de\/wp-content\/uploads\/2018\/12\/Kater2I-Wurf-1-1024x777.jpg 1024w, https:\/\/www.vom-elbhochufer.de\/wp-content\/uploads\/2018\/12\/Kater2I-Wurf-1-300x228.jpg 300w, https:\/\/www.vom-elbhochufer.de\/wp-content\/uploads\/2018\/12\/Kater2I-Wurf-1-768x582.jpg 768w\" sizes=\"auto, (max-width: 1024px) 100vw, 1024px\" \/><\/figure><\/li><li class=\"blocks-gallery-item\"><figure><img loading=\"lazy\" decoding=\"async\" width=\"1024\" height=\"720\" src=\"http:\/\/www.vom-elbhochufer.de\/wp-content\/uploads\/2018\/12\/Kater1I-Wurf-1-1024x720.jpg\" alt=\"\" data-id=\"1603\" data-link=\"http:\/\/www.vom-elbhochufer.de\/?attachment_id=1603\" class=\"wp-image-1603\" srcset=\"https:\/\/www.vom-elbhochufer.de\/wp-content\/uploads\/2018\/12\/Kater1I-Wurf-1-1024x720.jpg 1024w, https:\/\/www.vom-elbhochufer.de\/wp-content\/uploads\/2018\/12\/Kater1I-Wurf-1-300x211.jpg 300w, https:\/\/www.vom-elbhochufer.de\/wp-content\/uploads\/2018\/12\/Kater1I-Wurf-1-768x540.jpg 768w\" sizes=\"auto, (max-width: 1024px) 100vw, 1024px\" \/><\/figure><\/li><li class=\"blocks-gallery-item\"><figure><img loading=\"lazy\" decoding=\"async\" width=\"1024\" height=\"692\" src=\"http:\/\/www.vom-elbhochufer.de\/wp-content\/uploads\/2018\/12\/I-WurfGruppenbild-1-1024x692.jpg\" alt=\"\" data-id=\"1602\" data-link=\"http:\/\/www.vom-elbhochufer.de\/?attachment_id=1602\" class=\"wp-image-1602\" srcset=\"https:\/\/www.vom-elbhochufer.de\/wp-content\/uploads\/2018\/12\/I-WurfGruppenbild-1-1024x692.jpg 1024w, https:\/\/www.vom-elbhochufer.de\/wp-content\/uploads\/2018\/12\/I-WurfGruppenbild-1-300x203.jpg 300w, https:\/\/www.vom-elbhochufer.de\/wp-content\/uploads\/2018\/12\/I-WurfGruppenbild-1-768x519.jpg 768w\" sizes=\"auto, (max-width: 1024px) 100vw, 1024px\" \/><\/figure><\/li><li class=\"blocks-gallery-item\"><figure><img loading=\"lazy\" decoding=\"async\" width=\"1024\" height=\"869\" src=\"http:\/\/www.vom-elbhochufer.de\/wp-content\/uploads\/2018\/12\/I-Wurf-1-1024x869.jpg\" alt=\"\" data-id=\"1600\" data-link=\"http:\/\/www.vom-elbhochufer.de\/?attachment_id=1600\" class=\"wp-image-1600\" srcset=\"https:\/\/www.vom-elbhochufer.de\/wp-content\/uploads\/2018\/12\/I-Wurf-1-1024x869.jpg 1024w, https:\/\/www.vom-elbhochufer.de\/wp-content\/uploads\/2018\/12\/I-Wurf-1-300x255.jpg 300w, https:\/\/www.vom-elbhochufer.de\/wp-content\/uploads\/2018\/12\/I-Wurf-1-768x652.jpg 768w\" sizes=\"auto, (max-width: 1024px) 100vw, 1024px\" \/><\/figure><\/li><li class=\"blocks-gallery-item\"><figure><img loading=\"lazy\" decoding=\"async\" width=\"1000\" height=\"949\" src=\"http:\/\/www.vom-elbhochufer.de\/wp-content\/uploads\/2018\/12\/IWurfgruppe-2.jpg\" alt=\"\" data-id=\"1601\" data-link=\"http:\/\/www.vom-elbhochufer.de\/?attachment_id=1601\" class=\"wp-image-1601\" srcset=\"https:\/\/www.vom-elbhochufer.de\/wp-content\/uploads\/2018\/12\/IWurfgruppe-2.jpg 1000w, https:\/\/www.vom-elbhochufer.de\/wp-content\/uploads\/2018\/12\/IWurfgruppe-2-300x285.jpg 300w, https:\/\/www.vom-elbhochufer.de\/wp-content\/uploads\/2018\/12\/IWurfgruppe-2-768x729.jpg 768w\" sizes=\"auto, (max-width: 1000px) 100vw, 1000px\" \/><\/figure><\/li><li class=\"blocks-gallery-item\"><figure><img loading=\"lazy\" decoding=\"async\" width=\"1024\" height=\"791\" src=\"http:\/\/www.vom-elbhochufer.de\/wp-content\/uploads\/2018\/12\/KatzeI-Wurf-1024x791.jpg\" alt=\"\" data-id=\"1596\" data-link=\"http:\/\/www.vom-elbhochufer.de\/?attachment_id=1596\" class=\"wp-image-1596\" srcset=\"https:\/\/www.vom-elbhochufer.de\/wp-content\/uploads\/2018\/12\/KatzeI-Wurf-1024x791.jpg 1024w, https:\/\/www.vom-elbhochufer.de\/wp-content\/uploads\/2018\/12\/KatzeI-Wurf-300x232.jpg 300w, https:\/\/www.vom-elbhochufer.de\/wp-content\/uploads\/2018\/12\/KatzeI-Wurf-768x593.jpg 768w\" sizes=\"auto, (max-width: 1024px) 100vw, 1024px\" \/><\/figure><\/li><li class=\"blocks-gallery-item\"><figure><img loading=\"lazy\" decoding=\"async\" width=\"1000\" height=\"949\" src=\"http:\/\/www.vom-elbhochufer.de\/wp-content\/uploads\/2018\/12\/IWurfgruppe-1.jpg\" alt=\"\" data-id=\"1590\" data-link=\"http:\/\/www.vom-elbhochufer.de\/?attachment_id=1590\" class=\"wp-image-1590\" srcset=\"https:\/\/www.vom-elbhochufer.de\/wp-content\/uploads\/2018\/12\/IWurfgruppe-1.jpg 1000w, https:\/\/www.vom-elbhochufer.de\/wp-content\/uploads\/2018\/12\/IWurfgruppe-1-300x285.jpg 300w, https:\/\/www.vom-elbhochufer.de\/wp-content\/uploads\/2018\/12\/IWurfgruppe-1-768x729.jpg 768w\" sizes=\"auto, (max-width: 1000px) 100vw, 1000px\" \/><\/figure><\/li><li class=\"blocks-gallery-item\"><figure><img loading=\"lazy\" decoding=\"async\" width=\"1024\" height=\"692\" src=\"http:\/\/www.vom-elbhochufer.de\/wp-content\/uploads\/2018\/12\/I-WurfGruppenbild-1024x692.jpg\" alt=\"\" data-id=\"1591\" data-link=\"http:\/\/www.vom-elbhochufer.de\/?attachment_id=1591\" class=\"wp-image-1591\" srcset=\"https:\/\/www.vom-elbhochufer.de\/wp-content\/uploads\/2018\/12\/I-WurfGruppenbild-1024x692.jpg 1024w, https:\/\/www.vom-elbhochufer.de\/wp-content\/uploads\/2018\/12\/I-WurfGruppenbild-300x203.jpg 300w, https:\/\/www.vom-elbhochufer.de\/wp-content\/uploads\/2018\/12\/I-WurfGruppenbild-768x519.jpg 768w\" sizes=\"auto, (max-width: 1024px) 100vw, 1024px\" \/><\/figure><\/li><li class=\"blocks-gallery-item\"><figure><img loading=\"lazy\" decoding=\"async\" width=\"870\" height=\"1024\" src=\"http:\/\/www.vom-elbhochufer.de\/wp-content\/uploads\/2018\/12\/0615-870x1024.jpg\" alt=\"\" data-id=\"1597\" data-link=\"http:\/\/www.vom-elbhochufer.de\/?attachment_id=1597\" class=\"wp-image-1597\" srcset=\"https:\/\/www.vom-elbhochufer.de\/wp-content\/uploads\/2018\/12\/0615-870x1024.jpg 870w, https:\/\/www.vom-elbhochufer.de\/wp-content\/uploads\/2018\/12\/0615-255x300.jpg 255w, https:\/\/www.vom-elbhochufer.de\/wp-content\/uploads\/2018\/12\/0615-768x904.jpg 768w, https:\/\/www.vom-elbhochufer.de\/wp-content\/uploads\/2018\/12\/0615.jpg 1376w\" sizes=\"auto, (max-width: 870px) 100vw, 870px\" \/><\/figure><\/li><\/ul>\n\n\n\n<h5>und hier folgt nun der Stammbaum unseres F-Wurfes:<\/h5>\n<table style=\"height: 301px;\" width=\"756\">\n<tbody>\n<tr>\n<td rowspan=\"4\" width=\"195\">Gr. Ch. Int.\nWhite Snow von der Veste\nFarbe: white\/orange eyed<\/td>\n<td rowspan=\"2\" width=\"189\">Cai von der Veste<\/td>\n<td width=\"308\">Rauswurf vom Bavarian Roy von der Veste<\/td>\n<\/tr>\n<tr>\n<td width=\"308\">Pamila von der Veste<\/td>\n<\/tr>\n<tr>\n<td rowspan=\"2\" width=\"189\">Talia von der Veste<\/td>\n<td width=\"308\">Gismo von der Veste<\/td>\n<\/tr>\n<tr>\n<td width=\"308\">Gwendoline von Wolfstein<\/td>\n<\/tr>\n<tr>\n<td rowspan=\"4\" width=\"195\">Gr. Ch. Int. Dorin vom Elbhochufer\nFarbe: cream<\/td>\n<td rowspan=\"2\" width=\"189\">Euro.Ch\nAlida vom Elbhochufer<\/td>\n<td width=\"308\">Gr. Ch. Int. Xandra vom Audeichhof<\/td>\n<\/tr>\n<tr>\n<td width=\"308\">Gr. Euro.Ch. Willibald von der bunten Stadt<\/td>\n<\/tr>\n<tr>\n<td rowspan=\"2\" width=\"189\">Euro Ch.\nSir Fenogio de la Boucharelle<\/td>\n<td width=\"308\">Cream Hunter from Sham<\/td>\n<\/tr>\n<tr>\n<td width=\"308\">K-lit\u00e9 de la Poupette<\/td>\n<\/tr>\n<\/tbody>\n<\/table>\n\n\n\n<ul class=\"wp-block-gallery columns-3 is-cropped wp-block-gallery-2 is-layout-flex wp-block-gallery-is-layout-flex\"><li class=\"blocks-gallery-item\"><figure><img loading=\"lazy\" decoding=\"async\" width=\"1000\" height=\"1002\" src=\"http:\/\/www.vom-elbhochufer.de\/wp-content\/uploads\/2019\/03\/iboyg1.jpg\" alt=\"\" data-id=\"1695\" data-link=\"http:\/\/www.vom-elbhochufer.de\/?attachment_id=1695\" class=\"wp-image-1695\" srcset=\"https:\/\/www.vom-elbhochufer.de\/wp-content\/uploads\/2019\/03\/iboyg1.jpg 1000w, https:\/\/www.vom-elbhochufer.de\/wp-content\/uploads\/2019\/03\/iboyg1-150x150.jpg 150w, https:\/\/www.vom-elbhochufer.de\/wp-content\/uploads\/2019\/03\/iboyg1-300x300.jpg 300w, https:\/\/www.vom-elbhochufer.de\/wp-content\/uploads\/2019\/03\/iboyg1-768x770.jpg 768w\" sizes=\"auto, (max-width: 1000px) 100vw, 1000px\" \/><\/figure><\/li><li class=\"blocks-gallery-item\"><figure><img loading=\"lazy\" decoding=\"async\" width=\"1000\" height=\"802\" src=\"http:\/\/www.vom-elbhochufer.de\/wp-content\/uploads\/2019\/02\/iboyk1.jpg\" alt=\"\" data-id=\"1672\" data-link=\"http:\/\/www.vom-elbhochufer.de\/?attachment_id=1672\" class=\"wp-image-1672\" srcset=\"https:\/\/www.vom-elbhochufer.de\/wp-content\/uploads\/2019\/02\/iboyk1.jpg 1000w, https:\/\/www.vom-elbhochufer.de\/wp-content\/uploads\/2019\/02\/iboyk1-300x241.jpg 300w, https:\/\/www.vom-elbhochufer.de\/wp-content\/uploads\/2019\/02\/iboyk1-768x616.jpg 768w\" sizes=\"auto, (max-width: 1000px) 100vw, 1000px\" \/><\/figure><\/li><li class=\"blocks-gallery-item\"><figure><img loading=\"lazy\" decoding=\"async\" width=\"671\" height=\"1024\" src=\"http:\/\/www.vom-elbhochufer.de\/wp-content\/uploads\/2019\/02\/iboygirl3-671x1024.jpg\" alt=\"\" data-id=\"1671\" data-link=\"http:\/\/www.vom-elbhochufer.de\/?attachment_id=1671\" class=\"wp-image-1671\" srcset=\"https:\/\/www.vom-elbhochufer.de\/wp-content\/uploads\/2019\/02\/iboygirl3-671x1024.jpg 671w, https:\/\/www.vom-elbhochufer.de\/wp-content\/uploads\/2019\/02\/iboygirl3-197x300.jpg 197w, https:\/\/www.vom-elbhochufer.de\/wp-content\/uploads\/2019\/02\/iboygirl3-768x1172.jpg 768w, https:\/\/www.vom-elbhochufer.de\/wp-content\/uploads\/2019\/02\/iboygirl3.jpg 970w\" sizes=\"auto, (max-width: 671px) 100vw, 671px\" \/><\/figure><\/li><li class=\"blocks-gallery-item\"><figure><img loading=\"lazy\" decoding=\"async\" width=\"897\" height=\"1024\" src=\"http:\/\/www.vom-elbhochufer.de\/wp-content\/uploads\/2019\/02\/iboygirl2-897x1024.jpg\" alt=\"\" data-id=\"1670\" data-link=\"http:\/\/www.vom-elbhochufer.de\/?attachment_id=1670\" class=\"wp-image-1670\" srcset=\"https:\/\/www.vom-elbhochufer.de\/wp-content\/uploads\/2019\/02\/iboygirl2-897x1024.jpg 897w, https:\/\/www.vom-elbhochufer.de\/wp-content\/uploads\/2019\/02\/iboygirl2-263x300.jpg 263w, https:\/\/www.vom-elbhochufer.de\/wp-content\/uploads\/2019\/02\/iboygirl2-768x877.jpg 768w, https:\/\/www.vom-elbhochufer.de\/wp-content\/uploads\/2019\/02\/iboygirl2.jpg 1000w\" sizes=\"auto, (max-width: 897px) 100vw, 897px\" \/><\/figure><\/li><li class=\"blocks-gallery-item\"><figure><img loading=\"lazy\" decoding=\"async\" width=\"1295\" height=\"1000\" src=\"http:\/\/www.vom-elbhochufer.de\/wp-content\/uploads\/2019\/03\/iboyk2.jpg\" alt=\"\" data-id=\"1694\" data-link=\"http:\/\/www.vom-elbhochufer.de\/?attachment_id=1694\" class=\"wp-image-1694\"\/><\/figure><\/li><li class=\"blocks-gallery-item\"><figure><img loading=\"lazy\" decoding=\"async\" width=\"1024\" height=\"678\" src=\"http:\/\/www.vom-elbhochufer.de\/wp-content\/uploads\/2019\/03\/DSC_0733-1024x678.jpg\" alt=\"\" data-id=\"1693\" data-link=\"http:\/\/www.vom-elbhochufer.de\/?attachment_id=1693\" class=\"wp-image-1693\" srcset=\"https:\/\/www.vom-elbhochufer.de\/wp-content\/uploads\/2019\/03\/DSC_0733-1024x678.jpg 1024w, https:\/\/www.vom-elbhochufer.de\/wp-content\/uploads\/2019\/03\/DSC_0733-300x199.jpg 300w, https:\/\/www.vom-elbhochufer.de\/wp-content\/uploads\/2019\/03\/DSC_0733-768x509.jpg 768w\" sizes=\"auto, (max-width: 1024px) 100vw, 1024px\" \/><\/figure><\/li><li class=\"blocks-gallery-item\"><figure><img loading=\"lazy\" decoding=\"async\" width=\"736\" height=\"1024\" src=\"http:\/\/www.vom-elbhochufer.de\/wp-content\/uploads\/2019\/02\/igirl2-736x1024.jpg\" alt=\"\" data-id=\"1675\" data-link=\"http:\/\/www.vom-elbhochufer.de\/?attachment_id=1675\" class=\"wp-image-1675\" srcset=\"https:\/\/www.vom-elbhochufer.de\/wp-content\/uploads\/2019\/02\/igirl2-736x1024.jpg 736w, https:\/\/www.vom-elbhochufer.de\/wp-content\/uploads\/2019\/02\/igirl2-216x300.jpg 216w, https:\/\/www.vom-elbhochufer.de\/wp-content\/uploads\/2019\/02\/igirl2-768x1068.jpg 768w, https:\/\/www.vom-elbhochufer.de\/wp-content\/uploads\/2019\/02\/igirl2.jpg 1000w\" sizes=\"auto, (max-width: 736px) 100vw, 736px\" \/><\/figure><\/li><li class=\"blocks-gallery-item\"><figure><img loading=\"lazy\" decoding=\"async\" width=\"1000\" height=\"670\" src=\"http:\/\/www.vom-elbhochufer.de\/wp-content\/uploads\/2019\/02\/iboygirl1.jpg\" alt=\"\" data-id=\"1669\" data-link=\"http:\/\/www.vom-elbhochufer.de\/?attachment_id=1669\" class=\"wp-image-1669\" srcset=\"https:\/\/www.vom-elbhochufer.de\/wp-content\/uploads\/2019\/02\/iboygirl1.jpg 1000w, https:\/\/www.vom-elbhochufer.de\/wp-content\/uploads\/2019\/02\/iboygirl1-300x201.jpg 300w, https:\/\/www.vom-elbhochufer.de\/wp-content\/uploads\/2019\/02\/iboygirl1-768x515.jpg 768w\" sizes=\"auto, (max-width: 1000px) 100vw, 1000px\" \/><\/figure><\/li><li class=\"blocks-gallery-item\"><figure><img loading=\"lazy\" decoding=\"async\" width=\"1000\" height=\"1002\" src=\"http:\/\/www.vom-elbhochufer.de\/wp-content\/uploads\/2019\/02\/iboyg1.jpg\" alt=\"\" data-id=\"1668\" data-link=\"http:\/\/www.vom-elbhochufer.de\/?attachment_id=1668\" class=\"wp-image-1668\" srcset=\"https:\/\/www.vom-elbhochufer.de\/wp-content\/uploads\/2019\/02\/iboyg1.jpg 1000w, https:\/\/www.vom-elbhochufer.de\/wp-content\/uploads\/2019\/02\/iboyg1-150x150.jpg 150w, https:\/\/www.vom-elbhochufer.de\/wp-content\/uploads\/2019\/02\/iboyg1-300x300.jpg 300w, https:\/\/www.vom-elbhochufer.de\/wp-content\/uploads\/2019\/02\/iboyg1-768x770.jpg 768w\" sizes=\"auto, (max-width: 1000px) 100vw, 1000px\" \/><\/figure><\/li><li class=\"blocks-gallery-item\"><figure><img loading=\"lazy\" decoding=\"async\" width=\"789\" height=\"1024\" src=\"http:\/\/www.vom-elbhochufer.de\/wp-content\/uploads\/2019\/02\/igirl1-789x1024.jpg\" alt=\"\" data-id=\"1674\" data-link=\"http:\/\/www.vom-elbhochufer.de\/?attachment_id=1674\" class=\"wp-image-1674\" srcset=\"https:\/\/www.vom-elbhochufer.de\/wp-content\/uploads\/2019\/02\/igirl1-789x1024.jpg 789w, https:\/\/www.vom-elbhochufer.de\/wp-content\/uploads\/2019\/02\/igirl1-231x300.jpg 231w, https:\/\/www.vom-elbhochufer.de\/wp-content\/uploads\/2019\/02\/igirl1-768x996.jpg 768w, https:\/\/www.vom-elbhochufer.de\/wp-content\/uploads\/2019\/02\/igirl1.jpg 800w\" sizes=\"auto, (max-width: 789px) 100vw, 789px\" \/><\/figure><\/li><li class=\"blocks-gallery-item\"><figure><img loading=\"lazy\" decoding=\"async\" width=\"1024\" height=\"791\" src=\"http:\/\/www.vom-elbhochufer.de\/wp-content\/uploads\/2019\/02\/iboyk2-1024x791.jpg\" alt=\"\" data-id=\"1673\" data-link=\"http:\/\/www.vom-elbhochufer.de\/?attachment_id=1673\" class=\"wp-image-1673\" srcset=\"https:\/\/www.vom-elbhochufer.de\/wp-content\/uploads\/2019\/02\/iboyk2-1024x791.jpg 1024w, https:\/\/www.vom-elbhochufer.de\/wp-content\/uploads\/2019\/02\/iboyk2-300x232.jpg 300w, https:\/\/www.vom-elbhochufer.de\/wp-content\/uploads\/2019\/02\/iboyk2-768x593.jpg 768w, https:\/\/www.vom-elbhochufer.de\/wp-content\/uploads\/2019\/02\/iboyk2.jpg 1295w\" sizes=\"auto, (max-width: 1024px) 100vw, 1024px\" \/><\/figure><\/li><\/ul>\n<\/div>\n","protected":false},"excerpt":{"rendered":"<p>unser I-Wurf ~vom Elbhochufer~! *20.11.2018 Int. Ch. Dorin vom Elbhochufer &amp; Gr. Ch. Int. White Snow von der Veste PKD negativHCM negativBlutgruppe A\/A PKD negativHCM negativBlutgruppe A\/b Kurz vor Weihnachten hat Flocke uns einen Schneefl\u00f6ckchen-Wurf geschenkt. Die Kitten aus Dorin und Flocke&#8217;s letztem Wurf konnten sich sehen lassen und so haben wir uns entschieden, denWurf&hellip; <a class=\"more-link\" href=\"https:\/\/www.vom-elbhochufer.de\/?page_id=1582\"><span class=\"screen-reader-text\">I-Wurf<\/span> weiterlesen<\/a><\/p>\n","protected":false},"author":1,"featured_media":0,"parent":387,"menu_order":0,"comment_status":"closed","ping_status":"closed","template":"","meta":{"footnotes":""},"class_list":["post-1582","page","type-page","status-publish","hentry","entry"],"_links":{"self":[{"href":"https:\/\/www.vom-elbhochufer.de\/index.php?rest_route=\/wp\/v2\/pages\/1582","targetHints":{"allow":["GET"]}}],"collection":[{"href":"https:\/\/www.vom-elbhochufer.de\/index.php?rest_route=\/wp\/v2\/pages"}],"about":[{"href":"https:\/\/www.vom-elbhochufer.de\/index.php?rest_route=\/wp\/v2\/types\/page"}],"author":[{"embeddable":true,"href":"https:\/\/www.vom-elbhochufer.de\/index.php?rest_route=\/wp\/v2\/users\/1"}],"replies":[{"embeddable":true,"href":"https:\/\/www.vom-elbhochufer.de\/index.php?rest_route=%2Fwp%2Fv2%2Fcomments&post=1582"}],"version-history":[{"count":34,"href":"https:\/\/www.vom-elbhochufer.de\/index.php?rest_route=\/wp\/v2\/pages\/1582\/revisions"}],"predecessor-version":[{"id":1797,"href":"https:\/\/www.vom-elbhochufer.de\/index.php?rest_route=\/wp\/v2\/pages\/1582\/revisions\/1797"}],"up":[{"embeddable":true,"href":"https:\/\/www.vom-elbhochufer.de\/index.php?rest_route=\/wp\/v2\/pages\/387"}],"wp:attachment":[{"href":"https:\/\/www.vom-elbhochufer.de\/index.php?rest_route=%2Fwp%2Fv2%2Fmedia&parent=1582"}],"curies":[{"name":"wp","href":"https:\/\/api.w.org\/{rel}","templated":true}]}}