{"id":1965,"date":"2020-03-12T22:10:47","date_gmt":"2020-03-12T21:10:47","guid":{"rendered":"http:\/\/www.vom-elbhochufer.de\/?page_id=1965"},"modified":"2021-09-05T10:10:58","modified_gmt":"2021-09-05T09:10:58","slug":"k-wurf","status":"publish","type":"page","link":"https:\/\/www.vom-elbhochufer.de\/?page_id=1965","title":{"rendered":"K-Wurf"},"content":{"rendered":"<h3>unser K-Wurf ~vom Elbhochufer~!<\/h3>\n<p>*17.02.2020<\/p>\n<p>die stolzen Eltern sind:<\/p>\n<h5>World Ch. John Snow Laureen Cherie &amp; Gr. Int. Ch. White Snow von der Veste<\/h5>\n<p><strong>John Snow Laureen Cherie<\/strong>: BKH in der Farbe: blue (blau), tr\u00e4gt chocolate und Langhaar, Blutgruppe b, PKD Gentest negativ.<span style=\"color: #5aa5b6;\"><br \/><\/span><strong>White Snow von der Veste<\/strong>: BKH in der Farbe: wei\u00df (white\/orange eyed) genetisch blue tortie, Blutgruppe A\/b, PKD Gentest negativ, HCM negativ.<br \/><span style=\"color: #5aa5b6;\">. . . .<\/span><\/p>\n<p><a href=\"http:\/\/www.vom-elbhochufer.de\/wp-content\/uploads\/2020\/03\/johnsnow.jpg\"><img loading=\"lazy\" decoding=\"async\" class=\"wp-image-1968 size-medium alignleft\" src=\"http:\/\/www.vom-elbhochufer.de\/wp-content\/uploads\/2020\/03\/johnsnow-200x300.jpg\" alt=\"\" width=\"200\" height=\"300\" srcset=\"https:\/\/www.vom-elbhochufer.de\/wp-content\/uploads\/2020\/03\/johnsnow-200x300.jpg 200w, https:\/\/www.vom-elbhochufer.de\/wp-content\/uploads\/2020\/03\/johnsnow.jpg 683w\" sizes=\"auto, (max-width: 200px) 100vw, 200px\" \/><\/a>&#8222;John Snow&#8220; ist ein toller Kater: dichtes, kurzes blaues Fell, ein kugelrunder Kopf und wundersch\u00f6ne Augen. Er ist der ganze Stolz von Ramona Dreyer und Michael P\u00f6llmann. John Snow ist ein freundlicher und menschenbezogener Kater.<\/p>\n<p>White Snow hat eine stattliche Gr\u00fc\u00dfe f\u00fcr eine Kates. Sie hat tolles Fell f\u00fcr eine Schneeflocke: dicht und griffig, weder zu weich noch zu hart.<\/p>\n<p>Flocke hat die Geburt souver\u00e4n gemeistert und das, obwohl sie diesmal eine wahre Mammutaufgabe vor sich hatte. Flocke ist eine liebevolle Mutter. <a href=\"http:\/\/www.vom-elbhochufer.de\/wp-content\/uploads\/2014\/09\/awurf4.jpg\"><img loading=\"lazy\" decoding=\"async\" class=\"alignright wp-image-408 size-full\" src=\"http:\/\/www.vom-elbhochufer.de\/wp-content\/uploads\/2014\/09\/awurf4.jpg\" alt=\"\" width=\"300\" height=\"199\" \/><\/a>Ich freue mich \u00fcber den wohl letzten Wurf von ihr.<\/p>\n<h5>Und das sind unsere Kitten:<\/h5>\n<p>Flocke hat 8 Kitten zur Welt gebracht, die sich zu meiner Freude pr\u00e4chtig entwickeln.<\/p>\n<table id=\"kasten-hell\" style=\"border-width: 1px; border-collapse: collapse; height: 566px;\" border=\"1\" width=\"697\" cellspacing=\"0\">\n<tbody>\n<tr>\n<td align=\"center\" width=\"150\" height=\"7\">\n<p style=\"text-align: center;\"><b>Name<\/b><\/p>\n<\/td>\n<td align=\"center\" width=\"118\" height=\"7\">\n<p style=\"text-align: center;\"><strong>Geschlecht<\/strong><\/p>\n<\/td>\n<td align=\"center\" width=\"134\" height=\"7\">\n<p style=\"text-align: center;\"><strong>Farbe<\/strong><\/p>\n<\/td>\n<td align=\"center\" width=\"167\" height=\"7\">\n<p style=\"text-align: center;\"><b>Langhaar\/Kurzhaar<\/b><\/p>\n<\/td>\n<td align=\"center\" width=\"167\" height=\"7\">\n<p style=\"text-align: center;\"><b>Status<\/b><\/p>\n<\/td>\n<\/tr>\n<tr>\n<td align=\"center\" width=\"150\" height=\"18\">Karlotta<\/td>\n<td align=\"center\" width=\"118\" height=\"18\">w<\/td>\n<td align=\"center\" width=\"134\" height=\"18\">white\/orange eyed<\/td>\n<td align=\"center\" width=\"167\" height=\"18\">Kurzhaar<\/td>\n<td align=\"center\" width=\"167\" height=\"7\">\n<p style=\"text-align: center;\"><b>vergeben<\/b><\/p>\n<\/td>\n<\/tr>\n<tr>\n<td align=\"center\" width=\"150\" height=\"18\">Kelija<\/td>\n<td align=\"center\" width=\"118\" height=\"18\">w<\/td>\n<td align=\"center\" width=\"134\" height=\"18\">white\/orange eyed<\/td>\n<td align=\"center\" width=\"167\" height=\"18\">Kurzhaar<\/td>\n<td align=\"center\" width=\"167\" height=\"7\">\n<p style=\"text-align: center;\"><b>bleibt bei uns<br \/><\/b><\/p>\n<\/td>\n<\/tr>\n<tr>\n<td align=\"center\" width=\"150\" height=\"18\">Kizmo<\/td>\n<td align=\"center\" width=\"118\" height=\"18\">m<\/td>\n<td align=\"center\" width=\"134\" height=\"18\">white\/orange eyed<\/td>\n<td align=\"center\" width=\"167\" height=\"18\">Kurzhaar<\/td>\n<td align=\"center\" width=\"167\" height=\"7\">\n<p style=\"text-align: center;\"><b>vergeben<\/b><\/p>\n<\/td>\n<\/tr>\n<tr>\n<td align=\"center\" width=\"150\" height=\"18\">Karlsson<\/td>\n<td align=\"center\" width=\"118\" height=\"18\">m<\/td>\n<td align=\"center\" width=\"134\" height=\"18\">white\/orange eyed<\/td>\n<td align=\"center\" width=\"167\" height=\"18\">Kurzhaar<\/td>\n<td align=\"center\" width=\"167\" height=\"7\">\n<p style=\"text-align: center;\"><b>vergeben<\/b><\/p>\n<\/td>\n<\/tr>\n<tr>\n<td align=\"center\" width=\"150\" height=\"18\">Kasimir<\/td>\n<td align=\"center\" width=\"118\" height=\"18\">m<\/td>\n<td align=\"center\" width=\"134\" height=\"18\">creme<\/td>\n<td align=\"center\" width=\"167\" height=\"18\">Kurzhaar<\/td>\n<td align=\"center\" width=\"167\" height=\"7\">\n<p style=\"text-align: center;\"><b>vergeben<\/b><\/p>\n<\/td>\n<\/tr>\n<tr>\n<td align=\"center\" width=\"150\" height=\"18\">Kleiner Pirat<\/td>\n<td align=\"center\" width=\"118\" height=\"18\">m<\/td>\n<td align=\"center\" width=\"134\" height=\"18\">white\/blue eyed<\/td>\n<td align=\"center\" width=\"167\" height=\"18\">Kurzhaar<\/td>\n<td align=\"center\" width=\"167\" height=\"7\">\n<p style=\"text-align: center;\"><b>vergeben<\/b><\/p>\n<\/td>\n<\/tr>\n<tr>\n<td align=\"center\" width=\"150\" height=\"18\">Knut<\/td>\n<td align=\"center\" width=\"118\" height=\"18\">m<\/td>\n<td align=\"center\" width=\"134\" height=\"18\">white\/orange eyed<\/td>\n<td align=\"center\" width=\"167\" height=\"18\">Kurzhaar<\/td>\n<td align=\"center\" width=\"167\" height=\"7\">\n<p style=\"text-align: center;\"><b>vergeben<\/b><\/p>\n<\/td>\n<\/tr>\n<tr>\n<td align=\"center\" width=\"150\" height=\"18\">Kian<\/td>\n<td align=\"center\" width=\"118\" height=\"18\">m<\/td>\n<td align=\"center\" width=\"134\" height=\"18\">white\/orange eyed<\/td>\n<td align=\"center\" width=\"167\" height=\"18\">Kurzhaar<\/td>\n<td align=\"center\" width=\"167\" height=\"7\">\n<p style=\"text-align: center;\"><b>bleibt bei uns<br \/><\/b><\/p>\n<\/td>\n<\/tr>\n<\/tbody>\n<\/table>\n<h5>der Stammbaum unseres K-Wurfes:<\/h5>\n<table style=\"height: 462px;\" width=\"780\">\n<tbody>\n<tr>\n<td rowspan=\"8\" width=\"124\">World Ch. John Snow Laureen Cherie<br \/>BKH blue<\/td>\n<td rowspan=\"4\" width=\"155\">Natsumi Blue Angel Luludi (pl) BKH blue<\/td>\n<td rowspan=\"2\" width=\"221\">Inky Imagine Roxera<\/td>\n<td rowspan=\"1\" width=\"305\">Finch&#8217;s Cooper<\/td>\n<\/tr>\n<tr>\n<td rowspan=\"1\" width=\"305\">Desdemona Roxera<\/td>\n<\/tr>\n<tr>\n<td rowspan=\"2\" width=\"221\">Merilin Monroe Roxera<\/td>\n<td rowspan=\"1\" width=\"305\">Kolinga Claude Monet<\/td>\n<\/tr>\n<tr>\n<td rowspan=\"1\" width=\"305\">Jolly Luludi<\/td>\n<\/tr>\n<tr>\n<td rowspan=\"4\" width=\"155\">P<span class=\"_5yl5\">hiladelphia Diamond Regnum (ru) BKH l<\/span>ilac<\/td>\n<td rowspan=\"2\" width=\"221\">Cesar Caro Mio de la Horsky Park<\/td>\n<td rowspan=\"1\" width=\"305\">Eye Catcher of Daisy&#8217;s Home<\/td>\n<\/tr>\n<tr>\n<td rowspan=\"1\" width=\"305\">Uemmi Bugaboo<\/td>\n<\/tr>\n<tr>\n<td rowspan=\"2\" width=\"221\">Renesmee Laureen Cherie<\/td>\n<td rowspan=\"1\" width=\"305\">Pokerface of Tommy&#8217;s Town House<\/td>\n<\/tr>\n<tr>\n<td rowspan=\"1\" width=\"305\">Mandarine British Velvet<\/td>\n<\/tr>\n<tr>\n<td rowspan=\"8\" width=\"124\">Gr. Int. Ch.<br \/>White Snow von der Veste<br \/>BKH<br \/>white\/orange eyed<\/td>\n<td rowspan=\"4\" width=\"155\">Ch. Cai von der Veste<br \/>BKH white\/orange eyed<\/td>\n<td rowspan=\"2\" width=\"221\">Rauswurf vom Bavarian Roy von der Veste<br \/>white\/orange eyed<\/td>\n<td rowspan=\"1\" width=\"305\">Hokus Pokus of the Lilac Star<\/td>\n<\/tr>\n<tr>\n<td rowspan=\"1\" width=\"305\">Indora von der Veste<\/td>\n<\/tr>\n<tr>\n<td rowspan=\"2\" width=\"221\">Pamila von der Veste<br \/>blue tortie<\/td>\n<td rowspan=\"1\" width=\"305\">Lord Lovely Panther of von der Veste<\/td>\n<\/tr>\n<tr>\n<td rowspan=\"1\" width=\"305\">Cinderella of Sparkling Diamant<\/td>\n<\/tr>\n<tr>\n<td rowspan=\"4\" width=\"155\">Talia von der Veste<br \/>blue tortie<\/td>\n<td rowspan=\"2\" width=\"221\">Gismo von der Veste<br \/>creme<\/td>\n<td rowspan=\"1\" width=\"305\">Marvin vom W\u00fcrmtal<\/td>\n<\/tr>\n<tr>\n<td rowspan=\"1\" width=\"305\">Daisy von den Palmen<\/td>\n<\/tr>\n<tr>\n<td rowspan=\"2\" width=\"221\">Gwendoline von Wolfstein<br \/>blue<\/td>\n<td rowspan=\"1\" width=\"305\">Dominik von Fucikberg<\/td>\n<\/tr>\n<tr>\n<td rowspan=\"1\" width=\"305\">Angelique von den Aurachwiesen<\/td>\n<\/tr>\n<\/tbody>\n<\/table>\n\n\n<figure class=\"wp-block-gallery columns-4 is-cropped wp-block-gallery-1 is-layout-flex wp-block-gallery-is-layout-flex\"><ul class=\"blocks-gallery-grid\"><li class=\"blocks-gallery-item\"><figure><img loading=\"lazy\" decoding=\"async\" width=\"678\" height=\"1024\" src=\"http:\/\/www.vom-elbhochufer.de\/wp-content\/uploads\/2020\/03\/k1-3-678x1024.jpg\" alt=\"\" data-id=\"1975\" data-link=\"http:\/\/www.vom-elbhochufer.de\/?attachment_id=1975\" class=\"wp-image-1975\" srcset=\"https:\/\/www.vom-elbhochufer.de\/wp-content\/uploads\/2020\/03\/k1-3-678x1024.jpg 678w, https:\/\/www.vom-elbhochufer.de\/wp-content\/uploads\/2020\/03\/k1-3-199x300.jpg 199w, https:\/\/www.vom-elbhochufer.de\/wp-content\/uploads\/2020\/03\/k1-3-768x1160.jpg 768w, https:\/\/www.vom-elbhochufer.de\/wp-content\/uploads\/2020\/03\/k1-3.jpg 1000w\" sizes=\"auto, (max-width: 678px) 100vw, 678px\" \/><\/figure><\/li><li class=\"blocks-gallery-item\"><figure><img loading=\"lazy\" decoding=\"async\" width=\"900\" height=\"1024\" src=\"http:\/\/www.vom-elbhochufer.de\/wp-content\/uploads\/2020\/03\/k2-3-900x1024.jpg\" alt=\"\" data-id=\"1976\" data-link=\"http:\/\/www.vom-elbhochufer.de\/?attachment_id=1976\" class=\"wp-image-1976\" srcset=\"https:\/\/www.vom-elbhochufer.de\/wp-content\/uploads\/2020\/03\/k2-3-900x1024.jpg 900w, https:\/\/www.vom-elbhochufer.de\/wp-content\/uploads\/2020\/03\/k2-3-264x300.jpg 264w, https:\/\/www.vom-elbhochufer.de\/wp-content\/uploads\/2020\/03\/k2-3-768x874.jpg 768w\" sizes=\"auto, (max-width: 900px) 100vw, 900px\" \/><\/figure><\/li><li class=\"blocks-gallery-item\"><figure><img loading=\"lazy\" decoding=\"async\" width=\"1024\" height=\"831\" src=\"http:\/\/www.vom-elbhochufer.de\/wp-content\/uploads\/2020\/03\/k3-1-1024x831.jpg\" alt=\"\" data-id=\"1977\" data-link=\"http:\/\/www.vom-elbhochufer.de\/?attachment_id=1977\" class=\"wp-image-1977\" srcset=\"https:\/\/www.vom-elbhochufer.de\/wp-content\/uploads\/2020\/03\/k3-1-1024x831.jpg 1024w, https:\/\/www.vom-elbhochufer.de\/wp-content\/uploads\/2020\/03\/k3-1-300x244.jpg 300w, https:\/\/www.vom-elbhochufer.de\/wp-content\/uploads\/2020\/03\/k3-1-768x623.jpg 768w\" sizes=\"auto, (max-width: 1024px) 100vw, 1024px\" \/><\/figure><\/li><li class=\"blocks-gallery-item\"><figure><img loading=\"lazy\" decoding=\"async\" width=\"951\" height=\"1024\" src=\"http:\/\/www.vom-elbhochufer.de\/wp-content\/uploads\/2020\/03\/k4-1-951x1024.jpg\" alt=\"\" data-id=\"1978\" data-link=\"http:\/\/www.vom-elbhochufer.de\/?attachment_id=1978\" class=\"wp-image-1978\" srcset=\"https:\/\/www.vom-elbhochufer.de\/wp-content\/uploads\/2020\/03\/k4-1-951x1024.jpg 951w, https:\/\/www.vom-elbhochufer.de\/wp-content\/uploads\/2020\/03\/k4-1-279x300.jpg 279w, https:\/\/www.vom-elbhochufer.de\/wp-content\/uploads\/2020\/03\/k4-1-768x827.jpg 768w\" sizes=\"auto, (max-width: 951px) 100vw, 951px\" \/><\/figure><\/li><li class=\"blocks-gallery-item\"><figure><img loading=\"lazy\" decoding=\"async\" width=\"1024\" height=\"892\" src=\"http:\/\/www.vom-elbhochufer.de\/wp-content\/uploads\/2020\/03\/K5-1024x892.jpg\" alt=\"\" data-id=\"1981\" data-link=\"http:\/\/www.vom-elbhochufer.de\/?attachment_id=1981\" class=\"wp-image-1981\" srcset=\"https:\/\/www.vom-elbhochufer.de\/wp-content\/uploads\/2020\/03\/K5-1024x892.jpg 1024w, https:\/\/www.vom-elbhochufer.de\/wp-content\/uploads\/2020\/03\/K5-300x261.jpg 300w, https:\/\/www.vom-elbhochufer.de\/wp-content\/uploads\/2020\/03\/K5-768x669.jpg 768w\" sizes=\"auto, (max-width: 1024px) 100vw, 1024px\" \/><\/figure><\/li><li class=\"blocks-gallery-item\"><figure><img loading=\"lazy\" decoding=\"async\" width=\"1024\" height=\"869\" src=\"http:\/\/www.vom-elbhochufer.de\/wp-content\/uploads\/2020\/03\/k6-1024x869.jpg\" alt=\"\" data-id=\"1982\" data-link=\"http:\/\/www.vom-elbhochufer.de\/?attachment_id=1982\" class=\"wp-image-1982\" srcset=\"https:\/\/www.vom-elbhochufer.de\/wp-content\/uploads\/2020\/03\/k6-1024x869.jpg 1024w, https:\/\/www.vom-elbhochufer.de\/wp-content\/uploads\/2020\/03\/k6-300x255.jpg 300w, https:\/\/www.vom-elbhochufer.de\/wp-content\/uploads\/2020\/03\/k6-768x652.jpg 768w\" sizes=\"auto, (max-width: 1024px) 100vw, 1024px\" \/><\/figure><\/li><li class=\"blocks-gallery-item\"><figure><img loading=\"lazy\" decoding=\"async\" width=\"1024\" height=\"678\" src=\"http:\/\/www.vom-elbhochufer.de\/wp-content\/uploads\/2020\/03\/k7-1024x678.jpg\" alt=\"\" data-id=\"1984\" data-link=\"http:\/\/www.vom-elbhochufer.de\/?attachment_id=1984\" class=\"wp-image-1984\" srcset=\"https:\/\/www.vom-elbhochufer.de\/wp-content\/uploads\/2020\/03\/k7-1024x678.jpg 1024w, https:\/\/www.vom-elbhochufer.de\/wp-content\/uploads\/2020\/03\/k7-300x199.jpg 300w, https:\/\/www.vom-elbhochufer.de\/wp-content\/uploads\/2020\/03\/k7-768x509.jpg 768w\" sizes=\"auto, (max-width: 1024px) 100vw, 1024px\" \/><\/figure><\/li><li class=\"blocks-gallery-item\"><figure><img loading=\"lazy\" decoding=\"async\" width=\"1024\" height=\"820\" src=\"http:\/\/www.vom-elbhochufer.de\/wp-content\/uploads\/2020\/03\/k8-1024x820.jpg\" alt=\"\" data-id=\"1986\" data-link=\"http:\/\/www.vom-elbhochufer.de\/?attachment_id=1986\" class=\"wp-image-1986\" srcset=\"https:\/\/www.vom-elbhochufer.de\/wp-content\/uploads\/2020\/03\/k8-1024x820.jpg 1024w, https:\/\/www.vom-elbhochufer.de\/wp-content\/uploads\/2020\/03\/k8-300x240.jpg 300w, https:\/\/www.vom-elbhochufer.de\/wp-content\/uploads\/2020\/03\/k8-768x615.jpg 768w\" sizes=\"auto, (max-width: 1024px) 100vw, 1024px\" \/><\/figure><\/li><\/ul><\/figure>\n\n\n\n<figure class=\"wp-block-gallery columns-3 is-cropped wp-block-gallery-2 is-layout-flex wp-block-gallery-is-layout-flex\"><ul class=\"blocks-gallery-grid\"><li class=\"blocks-gallery-item\"><figure><img loading=\"lazy\" decoding=\"async\" width=\"1024\" height=\"768\" src=\"http:\/\/www.vom-elbhochufer.de\/wp-content\/uploads\/2020\/07\/20200417_182436-1024x768.jpg\" alt=\"\" data-id=\"2011\" data-full-url=\"http:\/\/www.vom-elbhochufer.de\/wp-content\/uploads\/2020\/07\/20200417_182436-scaled.jpg\" data-link=\"http:\/\/www.vom-elbhochufer.de\/?attachment_id=2011\" class=\"wp-image-2011\" srcset=\"https:\/\/www.vom-elbhochufer.de\/wp-content\/uploads\/2020\/07\/20200417_182436-1024x768.jpg 1024w, https:\/\/www.vom-elbhochufer.de\/wp-content\/uploads\/2020\/07\/20200417_182436-300x225.jpg 300w, https:\/\/www.vom-elbhochufer.de\/wp-content\/uploads\/2020\/07\/20200417_182436-768x576.jpg 768w, https:\/\/www.vom-elbhochufer.de\/wp-content\/uploads\/2020\/07\/20200417_182436-1536x1152.jpg 1536w, https:\/\/www.vom-elbhochufer.de\/wp-content\/uploads\/2020\/07\/20200417_182436-2048x1536.jpg 2048w\" sizes=\"auto, (max-width: 1024px) 100vw, 1024px\" \/><\/figure><\/li><li class=\"blocks-gallery-item\"><figure><img loading=\"lazy\" decoding=\"async\" width=\"1024\" height=\"768\" src=\"http:\/\/www.vom-elbhochufer.de\/wp-content\/uploads\/2020\/07\/20200724_082845-1024x768.jpg\" alt=\"\" data-id=\"2012\" data-full-url=\"http:\/\/www.vom-elbhochufer.de\/wp-content\/uploads\/2020\/07\/20200724_082845-scaled.jpg\" data-link=\"http:\/\/www.vom-elbhochufer.de\/?attachment_id=2012\" class=\"wp-image-2012\" srcset=\"https:\/\/www.vom-elbhochufer.de\/wp-content\/uploads\/2020\/07\/20200724_082845-1024x768.jpg 1024w, https:\/\/www.vom-elbhochufer.de\/wp-content\/uploads\/2020\/07\/20200724_082845-300x225.jpg 300w, https:\/\/www.vom-elbhochufer.de\/wp-content\/uploads\/2020\/07\/20200724_082845-768x576.jpg 768w, https:\/\/www.vom-elbhochufer.de\/wp-content\/uploads\/2020\/07\/20200724_082845-1536x1152.jpg 1536w, https:\/\/www.vom-elbhochufer.de\/wp-content\/uploads\/2020\/07\/20200724_082845-2048x1536.jpg 2048w\" sizes=\"auto, (max-width: 1024px) 100vw, 1024px\" \/><\/figure><\/li><li class=\"blocks-gallery-item\"><figure><img loading=\"lazy\" decoding=\"async\" width=\"1024\" height=\"768\" src=\"http:\/\/www.vom-elbhochufer.de\/wp-content\/uploads\/2020\/07\/20200724_082854-1024x768.jpg\" alt=\"\" data-id=\"2013\" data-full-url=\"http:\/\/www.vom-elbhochufer.de\/wp-content\/uploads\/2020\/07\/20200724_082854-scaled.jpg\" data-link=\"http:\/\/www.vom-elbhochufer.de\/?attachment_id=2013\" class=\"wp-image-2013\" srcset=\"https:\/\/www.vom-elbhochufer.de\/wp-content\/uploads\/2020\/07\/20200724_082854-1024x768.jpg 1024w, https:\/\/www.vom-elbhochufer.de\/wp-content\/uploads\/2020\/07\/20200724_082854-300x225.jpg 300w, https:\/\/www.vom-elbhochufer.de\/wp-content\/uploads\/2020\/07\/20200724_082854-768x576.jpg 768w, https:\/\/www.vom-elbhochufer.de\/wp-content\/uploads\/2020\/07\/20200724_082854-1536x1152.jpg 1536w, https:\/\/www.vom-elbhochufer.de\/wp-content\/uploads\/2020\/07\/20200724_082854-2048x1536.jpg 2048w\" sizes=\"auto, (max-width: 1024px) 100vw, 1024px\" \/><\/figure><\/li><li class=\"blocks-gallery-item\"><figure><img loading=\"lazy\" decoding=\"async\" width=\"1024\" height=\"768\" src=\"http:\/\/www.vom-elbhochufer.de\/wp-content\/uploads\/2020\/07\/20200724_082857-1024x768.jpg\" alt=\"\" data-id=\"2014\" data-full-url=\"http:\/\/www.vom-elbhochufer.de\/wp-content\/uploads\/2020\/07\/20200724_082857-scaled.jpg\" data-link=\"http:\/\/www.vom-elbhochufer.de\/?attachment_id=2014\" class=\"wp-image-2014\" srcset=\"https:\/\/www.vom-elbhochufer.de\/wp-content\/uploads\/2020\/07\/20200724_082857-1024x768.jpg 1024w, https:\/\/www.vom-elbhochufer.de\/wp-content\/uploads\/2020\/07\/20200724_082857-300x225.jpg 300w, https:\/\/www.vom-elbhochufer.de\/wp-content\/uploads\/2020\/07\/20200724_082857-768x576.jpg 768w, https:\/\/www.vom-elbhochufer.de\/wp-content\/uploads\/2020\/07\/20200724_082857-1536x1152.jpg 1536w, https:\/\/www.vom-elbhochufer.de\/wp-content\/uploads\/2020\/07\/20200724_082857-2048x1536.jpg 2048w\" sizes=\"auto, (max-width: 1024px) 100vw, 1024px\" \/><\/figure><\/li><li class=\"blocks-gallery-item\"><figure><img loading=\"lazy\" decoding=\"async\" width=\"768\" height=\"1024\" src=\"http:\/\/www.vom-elbhochufer.de\/wp-content\/uploads\/2020\/07\/20200724_083215-768x1024.jpg\" alt=\"\" data-id=\"2015\" data-full-url=\"http:\/\/www.vom-elbhochufer.de\/wp-content\/uploads\/2020\/07\/20200724_083215-scaled.jpg\" data-link=\"http:\/\/www.vom-elbhochufer.de\/?attachment_id=2015\" class=\"wp-image-2015\" srcset=\"https:\/\/www.vom-elbhochufer.de\/wp-content\/uploads\/2020\/07\/20200724_083215-768x1024.jpg 768w, https:\/\/www.vom-elbhochufer.de\/wp-content\/uploads\/2020\/07\/20200724_083215-225x300.jpg 225w, https:\/\/www.vom-elbhochufer.de\/wp-content\/uploads\/2020\/07\/20200724_083215-1152x1536.jpg 1152w, https:\/\/www.vom-elbhochufer.de\/wp-content\/uploads\/2020\/07\/20200724_083215-1536x2048.jpg 1536w, https:\/\/www.vom-elbhochufer.de\/wp-content\/uploads\/2020\/07\/20200724_083215-scaled.jpg 1920w\" sizes=\"auto, (max-width: 768px) 100vw, 768px\" \/><\/figure><\/li><li class=\"blocks-gallery-item\"><figure><img loading=\"lazy\" decoding=\"async\" width=\"768\" height=\"1024\" src=\"http:\/\/www.vom-elbhochufer.de\/wp-content\/uploads\/2020\/07\/20200724_083224-768x1024.jpg\" alt=\"\" data-id=\"2016\" data-full-url=\"http:\/\/www.vom-elbhochufer.de\/wp-content\/uploads\/2020\/07\/20200724_083224-scaled.jpg\" data-link=\"http:\/\/www.vom-elbhochufer.de\/?attachment_id=2016\" class=\"wp-image-2016\" srcset=\"https:\/\/www.vom-elbhochufer.de\/wp-content\/uploads\/2020\/07\/20200724_083224-768x1024.jpg 768w, https:\/\/www.vom-elbhochufer.de\/wp-content\/uploads\/2020\/07\/20200724_083224-225x300.jpg 225w, https:\/\/www.vom-elbhochufer.de\/wp-content\/uploads\/2020\/07\/20200724_083224-1152x1536.jpg 1152w, https:\/\/www.vom-elbhochufer.de\/wp-content\/uploads\/2020\/07\/20200724_083224-1536x2048.jpg 1536w, https:\/\/www.vom-elbhochufer.de\/wp-content\/uploads\/2020\/07\/20200724_083224-scaled.jpg 1920w\" sizes=\"auto, (max-width: 768px) 100vw, 768px\" \/><\/figure><\/li><li class=\"blocks-gallery-item\"><figure><img loading=\"lazy\" decoding=\"async\" width=\"768\" height=\"1024\" src=\"http:\/\/www.vom-elbhochufer.de\/wp-content\/uploads\/2020\/07\/20200724_083226-768x1024.jpg\" alt=\"\" data-id=\"2017\" data-full-url=\"http:\/\/www.vom-elbhochufer.de\/wp-content\/uploads\/2020\/07\/20200724_083226-scaled.jpg\" data-link=\"http:\/\/www.vom-elbhochufer.de\/?attachment_id=2017\" class=\"wp-image-2017\" srcset=\"https:\/\/www.vom-elbhochufer.de\/wp-content\/uploads\/2020\/07\/20200724_083226-768x1024.jpg 768w, https:\/\/www.vom-elbhochufer.de\/wp-content\/uploads\/2020\/07\/20200724_083226-225x300.jpg 225w, https:\/\/www.vom-elbhochufer.de\/wp-content\/uploads\/2020\/07\/20200724_083226-1152x1536.jpg 1152w, https:\/\/www.vom-elbhochufer.de\/wp-content\/uploads\/2020\/07\/20200724_083226-1536x2048.jpg 1536w, https:\/\/www.vom-elbhochufer.de\/wp-content\/uploads\/2020\/07\/20200724_083226-scaled.jpg 1920w\" sizes=\"auto, (max-width: 768px) 100vw, 768px\" \/><\/figure><\/li><\/ul><figcaption class=\"blocks-gallery-caption\">Kian vom Elbhochufer<\/figcaption><\/figure>\n\n\n\n<figure class=\"wp-block-video\"><video controls src=\"http:\/\/www.vom-elbhochufer.de\/wp-content\/uploads\/2020\/07\/20200720_125901.mp4\"><\/video><figcaption>Kian &#8222;hilft&#8220; uns beim Aquarien sauber machen. Nein, er ist absolut nicht wasserscheu&#8230;<\/figcaption><\/figure>\n\n\n\n<figure class=\"wp-block-gallery columns-3 is-cropped wp-block-gallery-3 is-layout-flex wp-block-gallery-is-layout-flex\"><ul class=\"blocks-gallery-grid\"><li class=\"blocks-gallery-item\"><figure><img loading=\"lazy\" decoding=\"async\" width=\"683\" height=\"1024\" src=\"http:\/\/www.vom-elbhochufer.de\/wp-content\/uploads\/2020\/09\/kian3-683x1024.jpg\" alt=\"\" data-id=\"2020\" data-link=\"http:\/\/www.vom-elbhochufer.de\/?attachment_id=2020\" class=\"wp-image-2020\" srcset=\"https:\/\/www.vom-elbhochufer.de\/wp-content\/uploads\/2020\/09\/kian3-683x1024.jpg 683w, https:\/\/www.vom-elbhochufer.de\/wp-content\/uploads\/2020\/09\/kian3-200x300.jpg 200w, https:\/\/www.vom-elbhochufer.de\/wp-content\/uploads\/2020\/09\/kian3-768x1152.jpg 768w, https:\/\/www.vom-elbhochufer.de\/wp-content\/uploads\/2020\/09\/kian3.jpg 1000w\" sizes=\"auto, (max-width: 683px) 100vw, 683px\" \/><\/figure><\/li><li class=\"blocks-gallery-item\"><figure><img loading=\"lazy\" decoding=\"async\" width=\"1000\" height=\"917\" src=\"http:\/\/www.vom-elbhochufer.de\/wp-content\/uploads\/2020\/09\/Kian1.jpg\" alt=\"\" data-id=\"2021\" data-full-url=\"http:\/\/www.vom-elbhochufer.de\/wp-content\/uploads\/2020\/09\/Kian1.jpg\" data-link=\"http:\/\/www.vom-elbhochufer.de\/?attachment_id=2021\" class=\"wp-image-2021\" srcset=\"https:\/\/www.vom-elbhochufer.de\/wp-content\/uploads\/2020\/09\/Kian1.jpg 1000w, https:\/\/www.vom-elbhochufer.de\/wp-content\/uploads\/2020\/09\/Kian1-300x275.jpg 300w, https:\/\/www.vom-elbhochufer.de\/wp-content\/uploads\/2020\/09\/Kian1-768x704.jpg 768w\" sizes=\"auto, (max-width: 1000px) 100vw, 1000px\" \/><\/figure><\/li><li class=\"blocks-gallery-item\"><figure><img loading=\"lazy\" decoding=\"async\" width=\"1024\" height=\"590\" src=\"http:\/\/www.vom-elbhochufer.de\/wp-content\/uploads\/2020\/09\/kian2-1024x590.jpg\" alt=\"\" data-id=\"2022\" data-full-url=\"http:\/\/www.vom-elbhochufer.de\/wp-content\/uploads\/2020\/09\/kian2.jpg\" data-link=\"http:\/\/www.vom-elbhochufer.de\/?attachment_id=2022\" class=\"wp-image-2022\" srcset=\"https:\/\/www.vom-elbhochufer.de\/wp-content\/uploads\/2020\/09\/kian2-1024x590.jpg 1024w, https:\/\/www.vom-elbhochufer.de\/wp-content\/uploads\/2020\/09\/kian2-300x173.jpg 300w, https:\/\/www.vom-elbhochufer.de\/wp-content\/uploads\/2020\/09\/kian2-768x442.jpg 768w, https:\/\/www.vom-elbhochufer.de\/wp-content\/uploads\/2020\/09\/kian2.jpg 1200w\" sizes=\"auto, (max-width: 1024px) 100vw, 1024px\" \/><\/figure><\/li><li class=\"blocks-gallery-item\"><figure><img loading=\"lazy\" decoding=\"async\" width=\"1024\" height=\"681\" src=\"http:\/\/www.vom-elbhochufer.de\/wp-content\/uploads\/2020\/09\/Kian4-1024x681.jpg\" alt=\"\" data-id=\"2023\" data-full-url=\"http:\/\/www.vom-elbhochufer.de\/wp-content\/uploads\/2020\/09\/Kian4.jpg\" data-link=\"http:\/\/www.vom-elbhochufer.de\/?attachment_id=2023\" class=\"wp-image-2023\" srcset=\"https:\/\/www.vom-elbhochufer.de\/wp-content\/uploads\/2020\/09\/Kian4-1024x681.jpg 1024w, https:\/\/www.vom-elbhochufer.de\/wp-content\/uploads\/2020\/09\/Kian4-300x199.jpg 300w, https:\/\/www.vom-elbhochufer.de\/wp-content\/uploads\/2020\/09\/Kian4-768x510.jpg 768w, https:\/\/www.vom-elbhochufer.de\/wp-content\/uploads\/2020\/09\/Kian4.jpg 1500w\" sizes=\"auto, (max-width: 1024px) 100vw, 1024px\" \/><\/figure><\/li><\/ul><\/figure>\n","protected":false},"excerpt":{"rendered":"<p>unser K-Wurf ~vom Elbhochufer~! *17.02.2020 die stolzen Eltern sind: World Ch. John Snow Laureen Cherie &amp; Gr. Int. Ch. White Snow von der Veste John Snow Laureen Cherie: BKH in der Farbe: blue (blau), tr\u00e4gt chocolate und Langhaar, Blutgruppe b, PKD Gentest negativ.White Snow von der Veste: BKH in der Farbe: wei\u00df (white\/orange eyed) genetisch&hellip; <a class=\"more-link\" href=\"https:\/\/www.vom-elbhochufer.de\/?page_id=1965\"><span class=\"screen-reader-text\">K-Wurf<\/span> weiterlesen<\/a><\/p>\n","protected":false},"author":1,"featured_media":0,"parent":0,"menu_order":0,"comment_status":"closed","ping_status":"closed","template":"","meta":{"footnotes":""},"class_list":["post-1965","page","type-page","status-publish","hentry","entry"],"_links":{"self":[{"href":"https:\/\/www.vom-elbhochufer.de\/index.php?rest_route=\/wp\/v2\/pages\/1965","targetHints":{"allow":["GET"]}}],"collection":[{"href":"https:\/\/www.vom-elbhochufer.de\/index.php?rest_route=\/wp\/v2\/pages"}],"about":[{"href":"https:\/\/www.vom-elbhochufer.de\/index.php?rest_route=\/wp\/v2\/types\/page"}],"author":[{"embeddable":true,"href":"https:\/\/www.vom-elbhochufer.de\/index.php?rest_route=\/wp\/v2\/users\/1"}],"replies":[{"embeddable":true,"href":"https:\/\/www.vom-elbhochufer.de\/index.php?rest_route=%2Fwp%2Fv2%2Fcomments&post=1965"}],"version-history":[{"count":16,"href":"https:\/\/www.vom-elbhochufer.de\/index.php?rest_route=\/wp\/v2\/pages\/1965\/revisions"}],"predecessor-version":[{"id":2232,"href":"https:\/\/www.vom-elbhochufer.de\/index.php?rest_route=\/wp\/v2\/pages\/1965\/revisions\/2232"}],"wp:attachment":[{"href":"https:\/\/www.vom-elbhochufer.de\/index.php?rest_route=%2Fwp%2Fv2%2Fmedia&parent=1965"}],"curies":[{"name":"wp","href":"https:\/\/api.w.org\/{rel}","templated":true}]}}