{"id":2040,"date":"2021-05-14T13:01:24","date_gmt":"2021-05-14T12:01:24","guid":{"rendered":"http:\/\/www.vom-elbhochufer.de\/?page_id=2040"},"modified":"2021-08-04T19:31:06","modified_gmt":"2021-08-04T18:31:06","slug":"l-wurf-vom-elbhochufer","status":"publish","type":"page","link":"https:\/\/www.vom-elbhochufer.de\/?page_id=2040","title":{"rendered":"L- Wurf vom Elbhochufer"},"content":{"rendered":"\n<h3 class=\"wp-block-heading\">unser L-Wurf ~vom Elbhochufer~!<\/h3>\n\n\n\n<div class=\"wp-block-image is-style-default\"><figure class=\"alignright size-large is-resized\"><a href=\"http:\/\/www.vom-elbhochufer.de\/wp-content\/uploads\/2021\/07\/DSC_0170-scaled.jpg\"><img loading=\"lazy\" decoding=\"async\" src=\"http:\/\/www.vom-elbhochufer.de\/wp-content\/uploads\/2021\/07\/DSC_0170-1024x623.jpg\" alt=\"\" class=\"wp-image-2166\" width=\"512\" height=\"312\" srcset=\"https:\/\/www.vom-elbhochufer.de\/wp-content\/uploads\/2021\/07\/DSC_0170-1024x623.jpg 1024w, https:\/\/www.vom-elbhochufer.de\/wp-content\/uploads\/2021\/07\/DSC_0170-300x183.jpg 300w, https:\/\/www.vom-elbhochufer.de\/wp-content\/uploads\/2021\/07\/DSC_0170-768x468.jpg 768w, https:\/\/www.vom-elbhochufer.de\/wp-content\/uploads\/2021\/07\/DSC_0170-1536x935.jpg 1536w, https:\/\/www.vom-elbhochufer.de\/wp-content\/uploads\/2021\/07\/DSC_0170-2048x1247.jpg 2048w\" sizes=\"auto, (max-width: 512px) 100vw, 512px\" \/><\/a><\/figure><\/div>\n\n\n\n<p>*25.04.2021<\/p>\n\n\n\n<p>die stolzen Eltern sind:<\/p>\n\n\n\n<h5 class=\"wp-block-heading\">Alabama&#8217;s Fifty Shades  &amp;  Philine von der Heidekrone<\/h5>\n\n\n\n<p><strong>Alabama&#8217;s Fifty Shades<\/strong>: BLH in der Farbe: lilac white, Blutgruppe A\/b, HCM negativ, PKD Gentest negativ.<br><strong>Philine von der Heidekrone<\/strong>: BKH in der Farbe: black tortie (schwarz-rot Schildpatt) tr\u00e4gt Verd\u00fcnnung, Langhaar, chocolate, Blutgruppe A\/b, PKD Gentest negativ, HCM negativ.<br><\/p>\n\n\n\n<div class=\"wp-block-image\"><figure class=\"alignright size-medium\"><img loading=\"lazy\" decoding=\"async\" width=\"300\" height=\"206\" src=\"http:\/\/www.vom-elbhochufer.de\/wp-content\/uploads\/2021\/08\/IMG_1368-edited-300x206.jpg\" alt=\"\" class=\"wp-image-2204\" srcset=\"https:\/\/www.vom-elbhochufer.de\/wp-content\/uploads\/2021\/08\/IMG_1368-edited-300x206.jpg 300w, https:\/\/www.vom-elbhochufer.de\/wp-content\/uploads\/2021\/08\/IMG_1368-edited-1024x703.jpg 1024w, https:\/\/www.vom-elbhochufer.de\/wp-content\/uploads\/2021\/08\/IMG_1368-edited-768x528.jpg 768w, https:\/\/www.vom-elbhochufer.de\/wp-content\/uploads\/2021\/08\/IMG_1368-edited-1536x1055.jpg 1536w, https:\/\/www.vom-elbhochufer.de\/wp-content\/uploads\/2021\/08\/IMG_1368-edited-2048x1407.jpg 2048w\" sizes=\"auto, (max-width: 300px) 100vw, 300px\" \/><figcaption>Alabama&#8217;s Fifty Shades<\/figcaption><\/figure><\/div>\n\n\n\n<p>Dies ist der Vater unseres Wurfes: Alabama&#8217;s Fifty Shades. \u201eFifty Shades\u201c ist ein mittelgro\u00dfer Britisch Langhaar Kater in der Farbe lilac &#8211; white.<\/p>\n\n\n\n<p>\u201eFifty Shades\u201c ist ein mittelgro\u00dfer Britisch Langhaar Kater. Er hat dichtes, crispes Fell, eine gute Farbverteilung und einen sch\u00f6nen, runden Kopf. Fifty Shades ist ein soziale und freundlicher Kater, der sich mit allen gut versteht und \u00c4rger lieber aus dem Weg geht.<\/p>\n\n\n\n<div class=\"wp-block-image\"><figure class=\"alignleft size-medium\"><a href=\"http:\/\/www.vom-elbhochufer.de\/wp-content\/uploads\/2020\/03\/johnsnow.jpg\"><img loading=\"lazy\" decoding=\"async\" width=\"300\" height=\"244\" src=\"http:\/\/www.vom-elbhochufer.de\/wp-content\/uploads\/2021\/05\/Philine_1-1-300x244.jpg\" alt=\"\" class=\"wp-image-2068\" srcset=\"https:\/\/www.vom-elbhochufer.de\/wp-content\/uploads\/2021\/05\/Philine_1-1-300x244.jpg 300w, https:\/\/www.vom-elbhochufer.de\/wp-content\/uploads\/2021\/05\/Philine_1-1-1024x832.jpg 1024w, https:\/\/www.vom-elbhochufer.de\/wp-content\/uploads\/2021\/05\/Philine_1-1-768x624.jpg 768w, https:\/\/www.vom-elbhochufer.de\/wp-content\/uploads\/2021\/05\/Philine_1-1-1536x1248.jpg 1536w, https:\/\/www.vom-elbhochufer.de\/wp-content\/uploads\/2021\/05\/Philine_1-1.jpg 1723w\" sizes=\"auto, (max-width: 300px) 100vw, 300px\" \/><\/a><figcaption>Philine von der Heidekrone<\/figcaption><\/figure><\/div>\n\n\n\n<p>Philine ist eine echte Charakter-Katze. Sie ist willensstark und furchtlos. Sie spielt viel und gerne und l\u00e4sst sich von Niemandem die Fleischst\u00fcckchen aus dem Napf klauen. Sie hat sch\u00f6nes dichtes Fell, gut durchgef\u00e4bt und mit einer ausgewogenen Farbverteilung. Philinchen ist eine echte Kuschelkatze, die gerne auf ihren Menschen liegt  und sich verw\u00f6hnen l\u00e4sst..<\/p>\n\n\n\n<p>Dies ist Philine&#8217;s erster Wurf. Sie Geburt hat sich ganz souver\u00e4n gemeistert. Sie ist eine sehr aufmerksame aber auch entspannte Mutterkatze. Die Kleinen nehmen gut zu und es ist eine friedliche und harmonische Stimmung in der Wurfkiste. <\/p>\n\n\n\n<div class=\"wp-block-image\"><figure class=\"aligncenter size-large is-resized\"><a href=\"http:\/\/www.vom-elbhochufer.de\/wp-content\/uploads\/2014\/09\/awurf4.jpg\"><img loading=\"lazy\" decoding=\"async\" src=\"http:\/\/www.vom-elbhochufer.de\/wp-content\/uploads\/2021\/04\/L-Wurf3-1024x490.jpg\" alt=\"\" class=\"wp-image-2045\" width=\"768\" height=\"368\" srcset=\"https:\/\/www.vom-elbhochufer.de\/wp-content\/uploads\/2021\/04\/L-Wurf3-1024x490.jpg 1024w, https:\/\/www.vom-elbhochufer.de\/wp-content\/uploads\/2021\/04\/L-Wurf3-300x144.jpg 300w, https:\/\/www.vom-elbhochufer.de\/wp-content\/uploads\/2021\/04\/L-Wurf3-768x368.jpg 768w, https:\/\/www.vom-elbhochufer.de\/wp-content\/uploads\/2021\/04\/L-Wurf3-1536x735.jpg 1536w, https:\/\/www.vom-elbhochufer.de\/wp-content\/uploads\/2021\/04\/L-Wurf3-2048x980.jpg 2048w\" sizes=\"auto, (max-width: 768px) 100vw, 768px\" \/><\/a><figcaption>L-Wurf vom Elbhochufer im Alter von 2 Tagen<\/figcaption><\/figure><\/div>\n\n\n\n<h5 class=\"wp-block-heading\">Und das sind unsere Kitten:<\/h5>\n\n\n\n<p>Unser L-Wurf besteht aus 5 Kitten:<\/p>\n\n\n<table id=\"kasten-hell\" style=\"border-width: 1px; border-collapse: collapse; height: 566px;\" border=\"1\" width=\"697\" cellspacing=\"0\">\n<tbody>\n<tr>\n<td align=\"center\" width=\"150\" height=\"7\">\n<p style=\"text-align: center;\"><b>Name<\/b><\/p>\n<\/td>\n<td align=\"center\" width=\"118\" height=\"7\">\n<p style=\"text-align: center;\"><strong>Geschlecht<\/strong><\/p>\n<\/td>\n<td align=\"center\" width=\"134\" height=\"7\">\n<p style=\"text-align: center;\"><strong>Farbe<\/strong><\/p>\n<\/td>\n<td align=\"center\" width=\"167\" height=\"7\">\n<p style=\"text-align: center;\"><b>Langhaar\/Kurzhaar<\/b><\/p>\n<\/td>\n<td align=\"center\" width=\"167\" height=\"7\">\n<p style=\"text-align: center;\"><b>Status<\/b><\/p>\n<\/td>\n<\/tr>\n<tr>\n<td align=\"center\" width=\"150\" height=\"18\">Lokum<\/td>\n<td align=\"center\" width=\"118\" height=\"18\">m<\/td>\n<td align=\"center\" width=\"134\" height=\"18\">red \/ rot<\/td>\n<td align=\"center\" width=\"167\" height=\"18\">Kurzhaar<\/td>\n<td align=\"center\" width=\"167\" height=\"7\">\n<p style=\"text-align: center;\"><b>vergeben<\/b><\/p>\n<\/td>\n<\/tr>\n<tr>\n<td align=\"center\" width=\"150\" height=\"18\">Leopold &#8222;Poldi&#8220;<\/td>\n<td align=\"center\" width=\"118\" height=\"18\">m<\/td>\n<td align=\"center\" width=\"134\" height=\"18\">black \/ schwarz<\/td>\n<td align=\"center\" width=\"167\" height=\"18\">Kurzhaar<\/td>\n<td align=\"center\" width=\"167\" height=\"7\">\n<p style=\"text-align: center;\"><b>vergeben<br \/><\/b><\/p>\n<\/td>\n<\/tr>\n<tr>\n<td align=\"center\" width=\"150\" height=\"18\">Leonardo<\/td>\n<td align=\"center\" width=\"118\" height=\"18\">m<\/td>\n<td align=\"center\" width=\"134\" height=\"18\">creme<\/td>\n<td align=\"center\" width=\"167\" height=\"18\">Kurzhaar<\/td>\n<td align=\"center\" width=\"167\" height=\"7\">\n<p style=\"text-align: center;\"><b>vergeben<\/b><\/p>\n<\/td>\n<\/tr>\n<tr>\n<td align=\"center\" width=\"150\" height=\"18\">Louie<\/td>\n<td align=\"center\" width=\"118\" height=\"18\">m<\/td>\n<td align=\"center\" width=\"134\" height=\"18\">rot \/ red<\/td>\n<td align=\"center\" width=\"167\" height=\"18\">Kurzhaar<\/td>\n<td align=\"center\" width=\"167\" height=\"7\">\n<p style=\"text-align: center;\"><b>vergeben<\/b><\/p>\n<\/td>\n<\/tr>\n<tr>\n<td align=\"center\" width=\"150\" height=\"18\">Lenny<\/td>\n<td align=\"center\" width=\"118\" height=\"18\">m<\/td>\n<td align=\"center\" width=\"134\" height=\"18\">blue<\/td>\n<td align=\"center\" width=\"167\" height=\"18\">Kurzhaar<\/td>\n<td align=\"center\" width=\"167\" height=\"7\">\n<p style=\"text-align: center;\"><b>vergeben<\/b><\/p>\n<\/td>\n<\/tr>\n<\/tbody>\n<\/table>\n<h5>der Stammbaum unseres L-Wurfes:<\/h5>\n<table style=\"height: 462px;\" width=\"780\">\n<tbody>\n<tr>\n<td rowspan=\"8\" width=\"124\">Philine von der Heidekrone<br \/>BKH black tortie<\/td>\n<td rowspan=\"4\" width=\"155\">Haerviu vom Elbhochufer<br \/>BKH white\/orange eyed<\/td>\n<td rowspan=\"2\" width=\"221\">World Ch Bryan vom Elbhochufer BKH chocolate<\/td>\n<td rowspan=\"1\" width=\"305\">World Ch. Shabaloe\u2019s Valentino BKH red<\/td>\n<\/tr>\n<tr>\n<td rowspan=\"1\" width=\"305\">Gr Eur Ch. Alida vom Elbhochufer BLH white\/orange eyed<\/td>\n<\/tr>\n<tr>\n<td rowspan=\"2\" width=\"221\">Gr Int Ch White Snow von der Veste BKH white\/orange eyed<\/td>\n<td rowspan=\"1\" width=\"305\">Ch. Cai von der Veste BKH white\/orange eyed<\/td>\n<\/tr>\n<tr>\n<td rowspan=\"1\" width=\"305\">Talia von der Veste BKH blue tortie<\/td>\n<\/tr>\n<tr>\n<td rowspan=\"4\" width=\"155\">Bella vom Silber Engelland BKH blue<\/td>\n<td rowspan=\"2\" width=\"221\">Indigo von der bunten Stadt BKH blue<\/td>\n<td rowspan=\"1\" width=\"305\">World Ch Vitus von der bunten Stadt BKH blue<\/td>\n<\/tr>\n<tr>\n<td rowspan=\"1\" width=\"305\">Yanni von der bunten Stadt BKH black tortie<\/td>\n<\/tr>\n<tr>\n<td rowspan=\"2\" width=\"221\">Zafira von Azure Star BKH blue<\/td>\n<td rowspan=\"1\" width=\"305\">Int Ch Zimtsternchen&#8217;s Tomaso BKH blue<\/td>\n<\/tr>\n<tr>\n<td rowspan=\"1\" width=\"305\">Int Ch La Dolce Vita de Eminence BKH blue<\/td>\n<\/tr>\n<tr>\n<td rowspan=\"8\" width=\"124\">Alabama&#8217;s Fifty Shades BLH<br \/>lilac-white<\/td>\n<td rowspan=\"4\" width=\"155\">World Ch Silvester von Sturmcastle BLH black-white<\/td>\n<td rowspan=\"2\" width=\"221\">(S) Blue Aristocats Oscar BKH blue<\/td>\n<td rowspan=\"1\" width=\"305\">Yvo of Tabby Tiger&#8217;s BLH blue<\/td>\n<\/tr>\n<tr>\n<td rowspan=\"1\" width=\"305\">Blue Aristocats Lady Verona BKH blue<\/td>\n<\/tr>\n<tr>\n<td rowspan=\"2\" width=\"221\">(S) Kastanjeback&#8217;s Blackberry Love BKH black-white Harlekin<\/td>\n<td rowspan=\"1\" width=\"305\">(S) Teaser&#8217;s Antonio BKH chocolate-white<\/td>\n<\/tr>\n<tr>\n<td rowspan=\"1\" width=\"305\">(S) Kastanjeback&#8217;s Rhapsody of Love BKH black tortie- white<\/td>\n<\/tr>\n<tr>\n<td rowspan=\"4\" width=\"155\">Ch Hexana von den Bassumer Tatzen BLH chocolate<\/td>\n<td rowspan=\"2\" width=\"221\">Kitten Ch Latin Lover von den Muggels BLH cinnamon<\/td>\n<td rowspan=\"1\" width=\"305\">Gr Int Ch (PL) Tiger of Czankra BLH red<\/td>\n<\/tr>\n<tr>\n<td rowspan=\"1\" width=\"305\">Granny&#8217;s Proud Mary BKH black<\/td>\n<\/tr>\n<tr>\n<td rowspan=\"2\" width=\"221\">Ch Aurora Noor von den Sommerrosen BLH lilac<\/td>\n<td rowspan=\"1\" width=\"305\">World Ch The Blue Sassenach Takoda BLH lilac<\/td>\n<\/tr>\n<tr>\n<td rowspan=\"1\" width=\"305\">Very Happy von den Muggels BLH cinnamon<\/td>\n<\/tr>\n<\/tbody>\n<\/table>\n<div id='gallery-1' class='gallery galleryid-2040 gallery-columns-4 gallery-size-thumbnail'><figure class='gallery-item'>\n\t\t\t<div class='gallery-icon landscape'>\n\t\t\t\t<a href='https:\/\/www.vom-elbhochufer.de\/?attachment_id=2118'><img loading=\"lazy\" decoding=\"async\" width=\"150\" height=\"150\" src=\"https:\/\/www.vom-elbhochufer.de\/wp-content\/uploads\/2021\/05\/L-Wurf2-150x150.jpg\" class=\"attachment-thumbnail size-thumbnail\" alt=\"\" style=\"width:100%;height:59.25%;max-width:1600px;\" \/><\/a>\n\t\t\t<\/div><\/figure><figure class='gallery-item'>\n\t\t\t<div class='gallery-icon landscape'>\n\t\t\t\t<a href='https:\/\/www.vom-elbhochufer.de\/?attachment_id=2119'><img loading=\"lazy\" decoding=\"async\" width=\"150\" height=\"150\" src=\"https:\/\/www.vom-elbhochufer.de\/wp-content\/uploads\/2021\/05\/L-Wurf3-150x150.jpg\" class=\"attachment-thumbnail size-thumbnail\" alt=\"\" style=\"width:100%;height:47.85%;max-width:2560px;\" \/><\/a>\n\t\t\t<\/div><\/figure><figure class='gallery-item'>\n\t\t\t<div class='gallery-icon landscape'>\n\t\t\t\t<a href='https:\/\/www.vom-elbhochufer.de\/?attachment_id=2117'><img loading=\"lazy\" decoding=\"async\" width=\"150\" height=\"150\" src=\"https:\/\/www.vom-elbhochufer.de\/wp-content\/uploads\/2021\/05\/L-Wurf1-150x150.jpg\" class=\"attachment-thumbnail size-thumbnail\" alt=\"\" style=\"width:100%;height:64.79%;max-width:2556px;\" \/><\/a>\n\t\t\t<\/div><\/figure><figure class='gallery-item'>\n\t\t\t<div class='gallery-icon landscape'>\n\t\t\t\t<a href='https:\/\/www.vom-elbhochufer.de\/?attachment_id=2116'><img loading=\"lazy\" decoding=\"async\" width=\"150\" height=\"150\" src=\"https:\/\/www.vom-elbhochufer.de\/wp-content\/uploads\/2021\/05\/L-wurf_0080-150x150.jpg\" class=\"attachment-thumbnail size-thumbnail\" alt=\"\" style=\"width:100%;height:71.69%;max-width:1600px;\" \/><\/a>\n\t\t\t<\/div><\/figure><figure class='gallery-item'>\n\t\t\t<div class='gallery-icon landscape'>\n\t\t\t\t<a href='https:\/\/www.vom-elbhochufer.de\/?attachment_id=2115'><img loading=\"lazy\" decoding=\"async\" width=\"150\" height=\"150\" src=\"https:\/\/www.vom-elbhochufer.de\/wp-content\/uploads\/2021\/05\/L-wurf_0069-150x150.jpg\" class=\"attachment-thumbnail size-thumbnail\" alt=\"\" style=\"width:100%;height:69.39%;max-width:1800px;\" \/><\/a>\n\t\t\t<\/div><\/figure><figure class='gallery-item'>\n\t\t\t<div class='gallery-icon landscape'>\n\t\t\t\t<a href='https:\/\/www.vom-elbhochufer.de\/?attachment_id=2114'><img loading=\"lazy\" decoding=\"async\" width=\"150\" height=\"150\" src=\"https:\/\/www.vom-elbhochufer.de\/wp-content\/uploads\/2021\/05\/L-wurf_0067-150x150.jpg\" class=\"attachment-thumbnail size-thumbnail\" alt=\"\" style=\"width:100%;height:59.59%;max-width:1678px;\" \/><\/a>\n\t\t\t<\/div><\/figure><figure class='gallery-item'>\n\t\t\t<div class='gallery-icon landscape'>\n\t\t\t\t<a href='https:\/\/www.vom-elbhochufer.de\/?attachment_id=2127'><img loading=\"lazy\" decoding=\"async\" width=\"150\" height=\"150\" src=\"https:\/\/www.vom-elbhochufer.de\/wp-content\/uploads\/2021\/05\/L-Wurf_0046-150x150.jpg\" class=\"attachment-thumbnail size-thumbnail\" alt=\"\" style=\"width:100%;height:72.93%;max-width:1500px;\" \/><\/a>\n\t\t\t<\/div><\/figure><figure class='gallery-item'>\n\t\t\t<div class='gallery-icon landscape'>\n\t\t\t\t<a href='https:\/\/www.vom-elbhochufer.de\/?attachment_id=2128'><img loading=\"lazy\" decoding=\"async\" width=\"150\" height=\"150\" src=\"https:\/\/www.vom-elbhochufer.de\/wp-content\/uploads\/2021\/05\/L-wurf_0050-150x150.jpg\" class=\"attachment-thumbnail size-thumbnail\" alt=\"\" style=\"width:100%;height:72.75%;max-width:2000px;\" \/><\/a>\n\t\t\t<\/div><\/figure><figure class='gallery-item'>\n\t\t\t<div class='gallery-icon landscape'>\n\t\t\t\t<a href='https:\/\/www.vom-elbhochufer.de\/?attachment_id=2129'><img loading=\"lazy\" decoding=\"async\" width=\"150\" height=\"150\" src=\"https:\/\/www.vom-elbhochufer.de\/wp-content\/uploads\/2021\/05\/L-Wurf_0052-150x150.jpg\" class=\"attachment-thumbnail size-thumbnail\" alt=\"\" style=\"width:100%;height:73.6%;max-width:2000px;\" \/><\/a>\n\t\t\t<\/div><\/figure><figure class='gallery-item'>\n\t\t\t<div class='gallery-icon landscape'>\n\t\t\t\t<a href='https:\/\/www.vom-elbhochufer.de\/?attachment_id=2131'><img loading=\"lazy\" decoding=\"async\" width=\"150\" height=\"150\" src=\"https:\/\/www.vom-elbhochufer.de\/wp-content\/uploads\/2021\/05\/L-Wurf_0057-150x150.jpg\" class=\"attachment-thumbnail size-thumbnail\" alt=\"\" style=\"width:100%;height:66.24%;max-width:2500px;\" \/><\/a>\n\t\t\t<\/div><\/figure><figure class='gallery-item'>\n\t\t\t<div class='gallery-icon landscape'>\n\t\t\t\t<a href='https:\/\/www.vom-elbhochufer.de\/?attachment_id=2132'><img loading=\"lazy\" decoding=\"async\" width=\"150\" height=\"150\" src=\"https:\/\/www.vom-elbhochufer.de\/wp-content\/uploads\/2021\/05\/L-Wurf_0058-150x150.jpg\" class=\"attachment-thumbnail size-thumbnail\" alt=\"\" style=\"width:100%;height:59.65%;max-width:2000px;\" \/><\/a>\n\t\t\t<\/div><\/figure><figure class='gallery-item'>\n\t\t\t<div class='gallery-icon landscape'>\n\t\t\t\t<a href='https:\/\/www.vom-elbhochufer.de\/?attachment_id=2133'><img loading=\"lazy\" decoding=\"async\" width=\"150\" height=\"150\" src=\"https:\/\/www.vom-elbhochufer.de\/wp-content\/uploads\/2021\/05\/L-wurf_0060-150x150.jpg\" class=\"attachment-thumbnail size-thumbnail\" alt=\"\" style=\"width:100%;height:85.8%;max-width:2000px;\" \/><\/a>\n\t\t\t<\/div><\/figure><figure class='gallery-item'>\n\t\t\t<div class='gallery-icon landscape'>\n\t\t\t\t<a href='https:\/\/www.vom-elbhochufer.de\/?attachment_id=2134'><img loading=\"lazy\" decoding=\"async\" width=\"150\" height=\"150\" src=\"https:\/\/www.vom-elbhochufer.de\/wp-content\/uploads\/2021\/05\/L-wurf_0062-150x150.jpg\" class=\"attachment-thumbnail size-thumbnail\" alt=\"\" style=\"width:100%;height:59.4%;max-width:2000px;\" \/><\/a>\n\t\t\t<\/div><\/figure><figure class='gallery-item'>\n\t\t\t<div class='gallery-icon landscape'>\n\t\t\t\t<a href='https:\/\/www.vom-elbhochufer.de\/?attachment_id=2130'><img loading=\"lazy\" decoding=\"async\" width=\"150\" height=\"150\" src=\"https:\/\/www.vom-elbhochufer.de\/wp-content\/uploads\/2021\/05\/L-Wurf_0056-150x150.jpg\" class=\"attachment-thumbnail size-thumbnail\" alt=\"\" style=\"width:100%;height:47.06%;max-width:2125px;\" \/><\/a>\n\t\t\t<\/div><\/figure><figure class='gallery-item'>\n\t\t\t<div class='gallery-icon landscape'>\n\t\t\t\t<a href='https:\/\/www.vom-elbhochufer.de\/?attachment_id=2164'><img loading=\"lazy\" decoding=\"async\" width=\"150\" height=\"150\" src=\"https:\/\/www.vom-elbhochufer.de\/wp-content\/uploads\/2021\/07\/DSC_0167-150x150.jpg\" class=\"attachment-thumbnail size-thumbnail\" alt=\"\" style=\"width:100%;height:58.24%;max-width:2560px;\" \/><\/a>\n\t\t\t<\/div><\/figure><figure class='gallery-item'>\n\t\t\t<div class='gallery-icon landscape'>\n\t\t\t\t<a href='https:\/\/www.vom-elbhochufer.de\/?attachment_id=2156'><img loading=\"lazy\" decoding=\"async\" width=\"150\" height=\"150\" src=\"https:\/\/www.vom-elbhochufer.de\/wp-content\/uploads\/2021\/07\/DSC_0116-150x150.jpg\" class=\"attachment-thumbnail size-thumbnail\" alt=\"\" style=\"width:100%;height:62.5%;max-width:2112px;\" \/><\/a>\n\t\t\t<\/div><\/figure><figure class='gallery-item'>\n\t\t\t<div class='gallery-icon portrait'>\n\t\t\t\t<a href='https:\/\/www.vom-elbhochufer.de\/?attachment_id=2157'><img loading=\"lazy\" decoding=\"async\" width=\"150\" height=\"150\" src=\"https:\/\/www.vom-elbhochufer.de\/wp-content\/uploads\/2021\/07\/DSC_0118-150x150.jpg\" class=\"attachment-thumbnail size-thumbnail\" alt=\"\" style=\"width:100%;height:107.72%;max-width:1192px;\" \/><\/a>\n\t\t\t<\/div><\/figure><figure class='gallery-item'>\n\t\t\t<div class='gallery-icon landscape'>\n\t\t\t\t<a href='https:\/\/www.vom-elbhochufer.de\/?attachment_id=2166'><img loading=\"lazy\" decoding=\"async\" width=\"150\" height=\"150\" src=\"https:\/\/www.vom-elbhochufer.de\/wp-content\/uploads\/2021\/07\/DSC_0170-150x150.jpg\" class=\"attachment-thumbnail size-thumbnail\" alt=\"\" style=\"width:100%;height:60.86%;max-width:2560px;\" \/><\/a>\n\t\t\t<\/div><\/figure><figure class='gallery-item'>\n\t\t\t<div class='gallery-icon landscape'>\n\t\t\t\t<a href='https:\/\/www.vom-elbhochufer.de\/?attachment_id=2160'><img loading=\"lazy\" decoding=\"async\" width=\"150\" height=\"150\" src=\"https:\/\/www.vom-elbhochufer.de\/wp-content\/uploads\/2021\/07\/DSC_0139-150x150.jpg\" class=\"attachment-thumbnail size-thumbnail\" alt=\"\" style=\"width:100%;height:63.24%;max-width:2560px;\" \/><\/a>\n\t\t\t<\/div><\/figure><figure class='gallery-item'>\n\t\t\t<div class='gallery-icon landscape'>\n\t\t\t\t<a href='https:\/\/www.vom-elbhochufer.de\/?attachment_id=2165'><img loading=\"lazy\" decoding=\"async\" width=\"150\" height=\"150\" src=\"https:\/\/www.vom-elbhochufer.de\/wp-content\/uploads\/2021\/07\/DSC_0168-150x150.jpg\" class=\"attachment-thumbnail size-thumbnail\" alt=\"\" style=\"width:100%;height:57.81%;max-width:2560px;\" \/><\/a>\n\t\t\t<\/div><\/figure><figure class='gallery-item'>\n\t\t\t<div class='gallery-icon portrait'>\n\t\t\t\t<a href='https:\/\/www.vom-elbhochufer.de\/?attachment_id=2163'><img loading=\"lazy\" decoding=\"async\" width=\"150\" height=\"150\" src=\"https:\/\/www.vom-elbhochufer.de\/wp-content\/uploads\/2021\/07\/DSC_0158-150x150.jpg\" class=\"attachment-thumbnail size-thumbnail\" alt=\"\" style=\"width:100%;height:128.64%;max-width:1620px;\" \/><\/a>\n\t\t\t<\/div><\/figure><figure class='gallery-item'>\n\t\t\t<div class='gallery-icon landscape'>\n\t\t\t\t<a href='https:\/\/www.vom-elbhochufer.de\/?attachment_id=2161'><img loading=\"lazy\" decoding=\"async\" width=\"150\" height=\"150\" src=\"https:\/\/www.vom-elbhochufer.de\/wp-content\/uploads\/2021\/07\/DSC_0143-150x150.jpg\" class=\"attachment-thumbnail size-thumbnail\" alt=\"\" style=\"width:100%;height:61.84%;max-width:2560px;\" \/><\/a>\n\t\t\t<\/div><\/figure><figure class='gallery-item'>\n\t\t\t<div class='gallery-icon portrait'>\n\t\t\t\t<a href='https:\/\/www.vom-elbhochufer.de\/?attachment_id=2162'><img loading=\"lazy\" decoding=\"async\" width=\"150\" height=\"150\" src=\"https:\/\/www.vom-elbhochufer.de\/wp-content\/uploads\/2021\/07\/DSC_0150_2-150x150.jpg\" class=\"attachment-thumbnail size-thumbnail\" alt=\"\" style=\"width:100%;height:129.81%;max-width:1436px;\" \/><\/a>\n\t\t\t<\/div><\/figure><figure class='gallery-item'>\n\t\t\t<div class='gallery-icon landscape'>\n\t\t\t\t<a href='https:\/\/www.vom-elbhochufer.de\/?attachment_id=2159'><img loading=\"lazy\" decoding=\"async\" width=\"150\" height=\"150\" src=\"https:\/\/www.vom-elbhochufer.de\/wp-content\/uploads\/2021\/07\/DSC_0138-150x150.jpg\" class=\"attachment-thumbnail size-thumbnail\" alt=\"\" srcset=\"https:\/\/www.vom-elbhochufer.de\/wp-content\/uploads\/2021\/07\/DSC_0138-150x150.jpg 150w, https:\/\/www.vom-elbhochufer.de\/wp-content\/uploads\/2021\/07\/DSC_0138-300x300.jpg 300w, https:\/\/www.vom-elbhochufer.de\/wp-content\/uploads\/2021\/07\/DSC_0138-1024x1024.jpg 1024w, https:\/\/www.vom-elbhochufer.de\/wp-content\/uploads\/2021\/07\/DSC_0138-768x768.jpg 768w, https:\/\/www.vom-elbhochufer.de\/wp-content\/uploads\/2021\/07\/DSC_0138-1536x1536.jpg 1536w, https:\/\/www.vom-elbhochufer.de\/wp-content\/uploads\/2021\/07\/DSC_0138-2048x2048.jpg 2048w\" sizes=\"auto, (max-width: 150px) 100vw, 150px\" style=\"width:100%;height:100%;max-width:2420px;\" \/><\/a>\n\t\t\t<\/div><\/figure><figure class='gallery-item'>\n\t\t\t<div class='gallery-icon landscape'>\n\t\t\t\t<a href='https:\/\/www.vom-elbhochufer.de\/?attachment_id=2158'><img loading=\"lazy\" decoding=\"async\" width=\"150\" height=\"150\" src=\"https:\/\/www.vom-elbhochufer.de\/wp-content\/uploads\/2021\/07\/DSC_0134-150x150.jpg\" class=\"attachment-thumbnail size-thumbnail\" alt=\"\" style=\"width:100%;height:57.17%;max-width:2456px;\" \/><\/a>\n\t\t\t<\/div><\/figure><figure class='gallery-item'>\n\t\t\t<div class='gallery-icon portrait'>\n\t\t\t\t<a href='https:\/\/www.vom-elbhochufer.de\/?attachment_id=2176'><img loading=\"lazy\" decoding=\"async\" width=\"150\" height=\"150\" src=\"https:\/\/www.vom-elbhochufer.de\/wp-content\/uploads\/2021\/07\/211135624_961092257766318_6987594456385363266_n-150x150.jpg\" class=\"attachment-thumbnail size-thumbnail\" alt=\"\" style=\"width:100%;height:135.87%;max-width:736px;\" \/><\/a>\n\t\t\t<\/div><\/figure><figure class='gallery-item'>\n\t\t\t<div class='gallery-icon portrait'>\n\t\t\t\t<a href='https:\/\/www.vom-elbhochufer.de\/?attachment_id=2177'><img loading=\"lazy\" decoding=\"async\" width=\"150\" height=\"150\" src=\"https:\/\/www.vom-elbhochufer.de\/wp-content\/uploads\/2021\/07\/214676658_369880511163387_9012147849425436560_n-150x150.jpg\" class=\"attachment-thumbnail size-thumbnail\" alt=\"\" style=\"width:100%;height:133.93%;max-width:560px;\" \/><\/a>\n\t\t\t<\/div><\/figure><figure class='gallery-item'>\n\t\t\t<div class='gallery-icon portrait'>\n\t\t\t\t<a href='https:\/\/www.vom-elbhochufer.de\/?attachment_id=2178'><img loading=\"lazy\" decoding=\"async\" width=\"150\" height=\"150\" src=\"https:\/\/www.vom-elbhochufer.de\/wp-content\/uploads\/2021\/07\/214819222_1539736956358311_3790831637613686796_n-150x150.jpg\" class=\"attachment-thumbnail size-thumbnail\" alt=\"\" style=\"width:100%;height:135.87%;max-width:736px;\" \/><\/a>\n\t\t\t<\/div><\/figure><figure class='gallery-item'>\n\t\t\t<div class='gallery-icon portrait'>\n\t\t\t\t<a href='https:\/\/www.vom-elbhochufer.de\/?attachment_id=2179'><img loading=\"lazy\" decoding=\"async\" width=\"150\" height=\"150\" src=\"https:\/\/www.vom-elbhochufer.de\/wp-content\/uploads\/2021\/07\/215456925_841643986784823_5816770794891307848_n-150x150.jpg\" class=\"attachment-thumbnail size-thumbnail\" alt=\"\" style=\"width:100%;height:135.87%;max-width:736px;\" \/><\/a>\n\t\t\t<\/div><\/figure>\n\t\t<\/div>\n","protected":false},"excerpt":{"rendered":"<p>unser L-Wurf ~vom Elbhochufer~! *25.04.2021 die stolzen Eltern sind: Alabama&#8217;s Fifty Shades &amp; Philine von der Heidekrone Alabama&#8217;s Fifty Shades: BLH in der Farbe: lilac white, Blutgruppe A\/b, HCM negativ, PKD Gentest negativ.Philine von der Heidekrone: BKH in der Farbe: black tortie (schwarz-rot Schildpatt) tr\u00e4gt Verd\u00fcnnung, Langhaar, chocolate, Blutgruppe A\/b, PKD Gentest negativ, HCM negativ.&hellip; <a class=\"more-link\" href=\"https:\/\/www.vom-elbhochufer.de\/?page_id=2040\"><span class=\"screen-reader-text\">L- Wurf vom Elbhochufer<\/span> weiterlesen<\/a><\/p>\n","protected":false},"author":1,"featured_media":0,"parent":0,"menu_order":0,"comment_status":"closed","ping_status":"closed","template":"","meta":{"footnotes":""},"class_list":["post-2040","page","type-page","status-publish","hentry","entry"],"_links":{"self":[{"href":"https:\/\/www.vom-elbhochufer.de\/index.php?rest_route=\/wp\/v2\/pages\/2040","targetHints":{"allow":["GET"]}}],"collection":[{"href":"https:\/\/www.vom-elbhochufer.de\/index.php?rest_route=\/wp\/v2\/pages"}],"about":[{"href":"https:\/\/www.vom-elbhochufer.de\/index.php?rest_route=\/wp\/v2\/types\/page"}],"author":[{"embeddable":true,"href":"https:\/\/www.vom-elbhochufer.de\/index.php?rest_route=\/wp\/v2\/users\/1"}],"replies":[{"embeddable":true,"href":"https:\/\/www.vom-elbhochufer.de\/index.php?rest_route=%2Fwp%2Fv2%2Fcomments&post=2040"}],"version-history":[{"count":33,"href":"https:\/\/www.vom-elbhochufer.de\/index.php?rest_route=\/wp\/v2\/pages\/2040\/revisions"}],"predecessor-version":[{"id":2361,"href":"https:\/\/www.vom-elbhochufer.de\/index.php?rest_route=\/wp\/v2\/pages\/2040\/revisions\/2361"}],"wp:attachment":[{"href":"https:\/\/www.vom-elbhochufer.de\/index.php?rest_route=%2Fwp%2Fv2%2Fmedia&parent=2040"}],"curies":[{"name":"wp","href":"https:\/\/api.w.org\/{rel}","templated":true}]}}