{"id":2221,"date":"2021-09-05T10:16:41","date_gmt":"2021-09-05T09:16:41","guid":{"rendered":"http:\/\/www.vom-elbhochufer.de\/?page_id=2221"},"modified":"2022-03-01T15:16:56","modified_gmt":"2022-03-01T14:16:56","slug":"n-wurf-vom-elbhochufer","status":"publish","type":"page","link":"https:\/\/www.vom-elbhochufer.de\/?page_id=2221","title":{"rendered":"N- Wurf vom Elbhochufer"},"content":{"rendered":"\n<h3 class=\"wp-block-heading\">unser M-Wurf ~vom Elbhochufer~!<\/h3>\n\n\n\n<div class=\"wp-block-image is-style-default\"><figure class=\"alignright size-medium\"><a href=\"http:\/\/www.vom-elbhochufer.de\/wp-content\/uploads\/2021\/09\/DSC_0019.jpg\"><img loading=\"lazy\" decoding=\"async\" width=\"300\" height=\"199\" src=\"http:\/\/www.vom-elbhochufer.de\/wp-content\/uploads\/2021\/09\/DSC_0019-300x199.jpg\" alt=\"\" class=\"wp-image-2224\" srcset=\"https:\/\/www.vom-elbhochufer.de\/wp-content\/uploads\/2021\/09\/DSC_0019-300x199.jpg 300w, https:\/\/www.vom-elbhochufer.de\/wp-content\/uploads\/2021\/09\/DSC_0019-1024x678.jpg 1024w, https:\/\/www.vom-elbhochufer.de\/wp-content\/uploads\/2021\/09\/DSC_0019-768x509.jpg 768w, https:\/\/www.vom-elbhochufer.de\/wp-content\/uploads\/2021\/09\/DSC_0019.jpg 1510w\" sizes=\"auto, (max-width: 300px) 100vw, 300px\" \/><\/a><figcaption>P\u00fcppi mit ihren Kitten kurz nach der Geburt<\/figcaption><\/figure><\/div>\n\n\n\n<p>*10.07.2021<\/p>\n\n\n\n<p>die stolzen Eltern sind:<\/p>\n\n\n\n<h5 class=\"wp-block-heading\">Easy Rider of British Sky  &amp;  Kelija vom Elbhochufer<\/h5>\n\n\n\n<p><strong>Easy Rider<\/strong>: BKH in der Farbe: blau \/blue, Blutgruppe A\/b, HCM negativ, PKD Gentest negativ.<br><strong>P\u00fcppi (Kelija)<\/strong>: BKH in der Farbe: white \/ orange eyed (wei\u00df mit orangefarbenen Augen) tr\u00e4gt chocolate, Blutgruppe A\/b, PKD Gentest negativ, HCM negativ.<br><\/p>\n\n\n\n<div class=\"wp-block-image is-style-default\"><figure class=\"alignleft size-medium\"><a href=\"http:\/\/www.vom-elbhochufer.de\/wp-content\/uploads\/2021\/09\/Easy-Rider.jpg\"><img loading=\"lazy\" decoding=\"async\" width=\"300\" height=\"200\" src=\"http:\/\/www.vom-elbhochufer.de\/wp-content\/uploads\/2021\/09\/Easy-Rider-300x200.jpg\" alt=\"\" class=\"wp-image-2223\" srcset=\"https:\/\/www.vom-elbhochufer.de\/wp-content\/uploads\/2021\/09\/Easy-Rider-300x200.jpg 300w, https:\/\/www.vom-elbhochufer.de\/wp-content\/uploads\/2021\/09\/Easy-Rider.jpg 768w\" sizes=\"auto, (max-width: 300px) 100vw, 300px\" \/><\/a><figcaption>Easy Rider of British Sky -ein Traum in blau<\/figcaption><\/figure><\/div>\n\n\n\n<p>\u201e<strong>Easy Rider<\/strong>\u201c ist ein echter Traumkater. Er ist gro\u00df, hat wunderbar dichtes Fell, ein sch\u00f6nes, helles Blau und einen tollen Katerkopf. Er ist super kuschelig und fordert seine Kuscheleinheiten ein. Man darf nicht an ihm vorbei gehen ohne ihn mindestens kurz gekrault zu haben&#8230;<br>Easy Rider ist ein wahrer Gentleman und zwischen ihm und P\u00fcppi stimmte einfach die Chemie.<\/p>\n\n\n\n<div class=\"wp-block-image\"><figure class=\"alignright size-medium\"><img loading=\"lazy\" decoding=\"async\" width=\"300\" height=\"199\" src=\"http:\/\/www.vom-elbhochufer.de\/wp-content\/uploads\/2020\/09\/DSC_0004-300x199.jpg\" alt=\"\" class=\"wp-image-2029\" srcset=\"https:\/\/www.vom-elbhochufer.de\/wp-content\/uploads\/2020\/09\/DSC_0004-300x199.jpg 300w, https:\/\/www.vom-elbhochufer.de\/wp-content\/uploads\/2020\/09\/DSC_0004-1024x678.jpg 1024w, https:\/\/www.vom-elbhochufer.de\/wp-content\/uploads\/2020\/09\/DSC_0004-768x509.jpg 768w, https:\/\/www.vom-elbhochufer.de\/wp-content\/uploads\/2020\/09\/DSC_0004-1536x1017.jpg 1536w, https:\/\/www.vom-elbhochufer.de\/wp-content\/uploads\/2020\/09\/DSC_0004-2048x1356.jpg 2048w\" sizes=\"auto, (max-width: 300px) 100vw, 300px\" \/><figcaption>Kelija vom Elbhochufer genannt P\u00fcppi<\/figcaption><\/figure><\/div>\n\n\n\n<p>&#8222;<strong>P\u00fcppi<\/strong>&#8220; ist die Schwester von Kian. Sie ist ruhig und eher zur\u00fcckhaltend, liebt es aber, gekrault zu werden. Sie hat schneewei\u00dfes, dichtes Fell. Ihr Gesicht wird dominiert von ihren unheimlich sch\u00f6nen bernsteinfarbenen Augen. P\u00fcppi wird nachdiesem Wurf kastriert und darf gerne mit einem ihrer Kitten gemeinsam ausziehen.<\/p>\n\n\n\n<p>Dies ist P\u00fcppi&#8217;s erster Wurf. Sie ist eine sehr aufmerksame und liebevolle Mutterkatze. Die Geburt war aber sehr anstrengend f\u00fcr sie. Die Kleinen nehmen gut zu und es ist eine friedliche und harmonische Stimmung in der Wurfkiste. Gemeinsam mit Jackie k\u00fcmmern die 2 Mmamas sich um die Rasselbande. <\/p>\n\n\n\n<div class=\"wp-block-image\"><figure class=\"aligncenter size-medium\"><img loading=\"lazy\" decoding=\"async\" width=\"300\" height=\"251\" src=\"http:\/\/www.vom-elbhochufer.de\/wp-content\/uploads\/2021\/09\/DSC_0041-300x251.jpg\" alt=\"\" class=\"wp-image-2228\" srcset=\"https:\/\/www.vom-elbhochufer.de\/wp-content\/uploads\/2021\/09\/DSC_0041-300x251.jpg 300w, https:\/\/www.vom-elbhochufer.de\/wp-content\/uploads\/2021\/09\/DSC_0041-1024x858.jpg 1024w, https:\/\/www.vom-elbhochufer.de\/wp-content\/uploads\/2021\/09\/DSC_0041-768x643.jpg 768w, https:\/\/www.vom-elbhochufer.de\/wp-content\/uploads\/2021\/09\/DSC_0041-1536x1286.jpg 1536w, https:\/\/www.vom-elbhochufer.de\/wp-content\/uploads\/2021\/09\/DSC_0041.jpg 1791w\" sizes=\"auto, (max-width: 300px) 100vw, 300px\" \/><figcaption>ein Schnappschuss unserer Rasselbande&#8230;<\/figcaption><\/figure><\/div>\n\n\n\n<h5 class=\"wp-block-heading\">Und das sind unsere Kitten:<\/h5>\n\n\n\n<p>Unser M-Wurf besteht aus 6 zauberhaften Kitten:<\/p>\n\n\n<p>\u00a0<\/p>\n<table id=\"kasten-hell\" style=\"border-width: 1px; border-collapse: collapse; height: 566px;\" border=\"1\" width=\"697\" cellspacing=\"0\">\n<tbody>\n<tr>\n<td align=\"center\" width=\"150\" height=\"7\">\n<p style=\"text-align: center;\"><b>Name<\/b><\/p>\n<\/td>\n<td align=\"center\" width=\"118\" height=\"7\">\n<p style=\"text-align: center;\"><strong>Geschlecht<\/strong><\/p>\n<\/td>\n<td align=\"center\" width=\"134\" height=\"7\">\n<p style=\"text-align: center;\"><strong>Farbe<\/strong><\/p>\n<\/td>\n<td align=\"center\" width=\"167\" height=\"7\">\n<p style=\"text-align: center;\"><b>Langhaar\/Kurzhaar<\/b><\/p>\n<\/td>\n<td align=\"center\" width=\"167\" height=\"7\">\n<p style=\"text-align: center;\"><b>Status<\/b><\/p>\n<\/td>\n<\/tr>\n<tr>\n<td align=\"center\" width=\"150\" height=\"18\">Nala<\/td>\n<td align=\"center\" width=\"118\" height=\"18\">w<\/td>\n<td align=\"center\" width=\"134\" height=\"18\">lilac<\/td>\n<td align=\"center\" width=\"167\" height=\"18\">Kurzhaar<\/td>\n<td align=\"center\" width=\"167\" height=\"7\">\n<p style=\"text-align: center;\"><b>vergeben<\/b><\/p>\n<\/td>\n<\/tr>\n<tr>\n<td align=\"center\" width=\"150\" height=\"18\">Narila<\/td>\n<td align=\"center\" width=\"118\" height=\"18\">w<\/td>\n<td align=\"center\" width=\"134\" height=\"18\">white \/ orange eyed<\/td>\n<td align=\"center\" width=\"167\" height=\"18\">Kurzhaar<\/td>\n<td align=\"center\" width=\"167\" height=\"7\">\n<p style=\"text-align: center;\"><b>vergeben<br \/><\/b><\/p>\n<\/td>\n<\/tr>\n<tr>\n<td align=\"center\" width=\"150\" height=\"18\">Nevan<\/td>\n<td align=\"center\" width=\"118\" height=\"18\">m<\/td>\n<td align=\"center\" width=\"134\" height=\"18\">lilac<\/td>\n<td align=\"center\" width=\"167\" height=\"18\">Kurzhaar<\/td>\n<td align=\"center\" width=\"167\" height=\"7\">\n<p style=\"text-align: center;\"><b>vergeben<\/b><\/p>\n<\/td>\n<\/tr>\n<tr>\n<td align=\"center\" width=\"150\" height=\"18\">Nacho<\/td>\n<td align=\"center\" width=\"118\" height=\"18\">m<\/td>\n<td align=\"center\" width=\"134\" height=\"18\">blue<\/td>\n<td align=\"center\" width=\"167\" height=\"18\">Kurzhaar<\/td>\n<td align=\"center\" width=\"167\" height=\"7\">\n<p style=\"text-align: center;\"><b>vergeben<\/b><\/p>\n<\/td>\n<\/tr>\n<\/tbody>\n<\/table>\n<h5>der Stammbaum unseres N-Wurfes:<\/h5>\n<table style=\"height: 462px;\" width=\"780\">\n<tbody>\n<tr>\n<td rowspan=\"8\" width=\"124\">Kelija vom Elbhochufer <br \/>BKH white\/orange eyed<\/td>\n<td rowspan=\"4\" width=\"155\">Gr. Int. Ch.<br \/>White Snow von der Veste BKH<br \/>white\/orange eyed<\/td>\n<td rowspan=\"2\" width=\"221\">Talia von der Veste<br \/>blue tortie<\/td>\n<td rowspan=\"1\" width=\"305\">Gwendoline von Wolfstein<br \/>blue<\/td>\n<\/tr>\n<tr>\n<td rowspan=\"1\" width=\"305\">Gismo von der Veste<br \/>creme<\/td>\n<\/tr>\n<tr>\n<td rowspan=\"2\" width=\"221\">Ch. Cai von der Veste<br \/>BKH white\/orange eyed<\/td>\n<td rowspan=\"1\" width=\"305\">Pamila von der Veste<br \/>blue tortie<\/td>\n<\/tr>\n<tr>\n<td rowspan=\"1\" width=\"305\">Rauswurf vom Bavarian Roy von der Veste<br \/>white\/orange eyed<\/td>\n<\/tr>\n<tr>\n<td rowspan=\"4\" width=\"155\">World Ch. John Snow Laureen Cherie<br \/>BKH blue<\/td>\n<td rowspan=\"2\" width=\"221\">Natsumi Blue Angel Luludi (pl) BKH blue<\/td>\n<td rowspan=\"1\" width=\"305\">Inky Imagine Roxera<\/td>\n<\/tr>\n<tr>\n<td rowspan=\"1\" width=\"305\">Merilin Monroe Roxera<\/td>\n<\/tr>\n<tr>\n<td rowspan=\"2\" width=\"221\">P<span class=\"_5yl5\">hiladelphia Diamond Regnum (ru) BKH l<\/span>ilac<\/td>\n<td rowspan=\"1\" width=\"305\">Cesar Caro Mio de la Horsky Park<\/td>\n<\/tr>\n<tr>\n<td rowspan=\"1\" width=\"305\">Renesmee Laureen Cherie<\/td>\n<\/tr>\n<tr>\n<td rowspan=\"8\" width=\"124\">Ch. Easy Rider of British Sky<br \/>BKH blue<\/td>\n<td rowspan=\"4\" width=\"155\">Polarstern von Rimberg<br \/>BKH lilac<\/td>\n<td rowspan=\"2\" width=\"221\">Leonie von Rimberg BKH blue<\/td>\n<td rowspan=\"1\" width=\"305\">Ch. Uldwyna\u2019s Caitir Caitlin<\/td>\n<\/tr>\n<tr>\n<td rowspan=\"1\" width=\"305\">Ch. Jary von der Ederau<\/td>\n<\/tr>\n<tr>\n<td rowspan=\"2\" width=\"221\">Ch. Whiskey Blue Diamond de la Horsky Park BKH blue<\/td>\n<td rowspan=\"1\" width=\"305\">Gr. Int. Ch. Uemmi Bugaboo<\/td>\n<\/tr>\n<tr>\n<td rowspan=\"1\" width=\"305\">Int. Ch. Urbino Tuo Tenero Tummy<\/td>\n<\/tr>\n<tr>\n<td rowspan=\"4\" width=\"155\">Silver World Ch Oscar de la Renta of the Pepper King BLH blue<\/td>\n<td rowspan=\"2\" width=\"221\">Mademoiselle Ninette of the Pepper King BKH blue<\/td>\n<td rowspan=\"1\" width=\"305\">Oz\u2019s Indira vom M\u00fchleneck<\/td>\n<\/tr>\n<tr>\n<td rowspan=\"1\" width=\"305\">Ch. Hell Fire of the Lion King<\/td>\n<\/tr>\n<tr>\n<td rowspan=\"2\" width=\"221\">Eur Ch Hurricane of the Lion King BKH blue<\/td>\n<td rowspan=\"1\" width=\"305\">Hightime van de Kraayenberg<\/td>\n<\/tr>\n<tr>\n<td rowspan=\"1\" width=\"305\">Pampurred the Lion King<\/td>\n<\/tr>\n<\/tbody>\n<\/table>\n\n\n<div class=\"wp-block-columns is-layout-flex wp-container-core-columns-is-layout-9d6595d7 wp-block-columns-is-layout-flex\">\n<div class=\"wp-block-column is-layout-flow wp-block-column-is-layout-flow\" style=\"flex-basis:100%\">\n<div class=\"wp-block-group\"><div class=\"wp-block-group__inner-container is-layout-flow wp-block-group-is-layout-flow\"><\/div><\/div>\n<\/div>\n<\/div>\n\n\n\n<figure class=\"wp-block-gallery has-nested-images columns-default is-cropped wp-block-gallery-1 is-layout-flex wp-block-gallery-is-layout-flex\">\n<figure class=\"wp-block-image size-large is-style-default\"><a href=\"http:\/\/www.vom-elbhochufer.de\/wp-content\/uploads\/2022\/02\/IMG_3291-scaled.jpeg\"><img loading=\"lazy\" decoding=\"async\" width=\"768\" height=\"1024\" data-id=\"2316\" src=\"http:\/\/www.vom-elbhochufer.de\/wp-content\/uploads\/2022\/02\/IMG_3291-768x1024.jpeg\" alt=\"\" class=\"wp-image-2316\" srcset=\"https:\/\/www.vom-elbhochufer.de\/wp-content\/uploads\/2022\/02\/IMG_3291-768x1024.jpeg 768w, https:\/\/www.vom-elbhochufer.de\/wp-content\/uploads\/2022\/02\/IMG_3291-225x300.jpeg 225w, https:\/\/www.vom-elbhochufer.de\/wp-content\/uploads\/2022\/02\/IMG_3291-1152x1536.jpeg 1152w, https:\/\/www.vom-elbhochufer.de\/wp-content\/uploads\/2022\/02\/IMG_3291-1536x2048.jpeg 1536w, https:\/\/www.vom-elbhochufer.de\/wp-content\/uploads\/2022\/02\/IMG_3291-scaled.jpeg 1920w\" sizes=\"auto, (max-width: 768px) 100vw, 768px\" \/><\/a><figcaption>Nacho hilft im Haushalt&#8230;<\/figcaption><\/figure>\n\n\n\n<figure class=\"wp-block-image size-large is-style-default\"><a href=\"http:\/\/www.vom-elbhochufer.de\/wp-content\/uploads\/2022\/02\/IMG_3473-scaled.jpeg\"><img loading=\"lazy\" decoding=\"async\" width=\"768\" height=\"1024\" data-id=\"2318\" src=\"http:\/\/www.vom-elbhochufer.de\/wp-content\/uploads\/2022\/02\/IMG_3473-768x1024.jpeg\" alt=\"\" class=\"wp-image-2318\" srcset=\"https:\/\/www.vom-elbhochufer.de\/wp-content\/uploads\/2022\/02\/IMG_3473-768x1024.jpeg 768w, https:\/\/www.vom-elbhochufer.de\/wp-content\/uploads\/2022\/02\/IMG_3473-225x300.jpeg 225w, https:\/\/www.vom-elbhochufer.de\/wp-content\/uploads\/2022\/02\/IMG_3473-1152x1536.jpeg 1152w, https:\/\/www.vom-elbhochufer.de\/wp-content\/uploads\/2022\/02\/IMG_3473-1536x2048.jpeg 1536w, https:\/\/www.vom-elbhochufer.de\/wp-content\/uploads\/2022\/02\/IMG_3473-scaled.jpeg 1920w\" sizes=\"auto, (max-width: 768px) 100vw, 768px\" \/><\/a><figcaption>&#8230;er liebt Wasser&#8230;<\/figcaption><\/figure>\n\n\n\n<figure class=\"wp-block-image size-large is-style-default\"><a href=\"http:\/\/www.vom-elbhochufer.de\/wp-content\/uploads\/2022\/02\/IMG_2827-rotated.jpeg\"><img loading=\"lazy\" decoding=\"async\" width=\"1024\" height=\"559\" data-id=\"2319\" src=\"http:\/\/www.vom-elbhochufer.de\/wp-content\/uploads\/2022\/02\/IMG_2827-1024x559.jpeg\" alt=\"\" class=\"wp-image-2319\" srcset=\"https:\/\/www.vom-elbhochufer.de\/wp-content\/uploads\/2022\/02\/IMG_2827-1024x559.jpeg 1024w, https:\/\/www.vom-elbhochufer.de\/wp-content\/uploads\/2022\/02\/IMG_2827-300x164.jpeg 300w, https:\/\/www.vom-elbhochufer.de\/wp-content\/uploads\/2022\/02\/IMG_2827-768x419.jpeg 768w, https:\/\/www.vom-elbhochufer.de\/wp-content\/uploads\/2022\/02\/IMG_2827-1536x839.jpeg 1536w, https:\/\/www.vom-elbhochufer.de\/wp-content\/uploads\/2022\/02\/IMG_2827-2048x1119.jpeg 2048w\" sizes=\"auto, (max-width: 1024px) 100vw, 1024px\" \/><\/a><figcaption>&#8230;kuschelt gerne&#8230;<\/figcaption><\/figure>\n\n\n\n<figure class=\"wp-block-image size-large is-style-default\"><a href=\"http:\/\/www.vom-elbhochufer.de\/wp-content\/uploads\/2022\/02\/IMG_3213-scaled.jpeg\"><img loading=\"lazy\" decoding=\"async\" width=\"768\" height=\"1024\" data-id=\"2321\" src=\"http:\/\/www.vom-elbhochufer.de\/wp-content\/uploads\/2022\/02\/IMG_3213-768x1024.jpeg\" alt=\"\" class=\"wp-image-2321\" srcset=\"https:\/\/www.vom-elbhochufer.de\/wp-content\/uploads\/2022\/02\/IMG_3213-768x1024.jpeg 768w, https:\/\/www.vom-elbhochufer.de\/wp-content\/uploads\/2022\/02\/IMG_3213-225x300.jpeg 225w, https:\/\/www.vom-elbhochufer.de\/wp-content\/uploads\/2022\/02\/IMG_3213-1152x1536.jpeg 1152w, https:\/\/www.vom-elbhochufer.de\/wp-content\/uploads\/2022\/02\/IMG_3213-1536x2048.jpeg 1536w, https:\/\/www.vom-elbhochufer.de\/wp-content\/uploads\/2022\/02\/IMG_3213-scaled.jpeg 1920w\" sizes=\"auto, (max-width: 768px) 100vw, 768px\" \/><\/a><figcaption>&#8230; und macht danach ein Mittagsschl\u00e4fchen&#8230;<\/figcaption><\/figure>\n<\/figure>\n\n\n\n<figure class=\"wp-block-gallery has-nested-images columns-default is-cropped wp-block-gallery-2 is-layout-flex wp-block-gallery-is-layout-flex\">\n<figure class=\"wp-block-image size-large is-style-default\"><a href=\"http:\/\/www.vom-elbhochufer.de\/wp-content\/uploads\/2022\/02\/Nevan.jpg\"><img loading=\"lazy\" decoding=\"async\" width=\"1024\" height=\"644\" data-id=\"2324\" src=\"http:\/\/www.vom-elbhochufer.de\/wp-content\/uploads\/2022\/02\/Nevan-1024x644.jpg\" alt=\"\" class=\"wp-image-2324\" srcset=\"https:\/\/www.vom-elbhochufer.de\/wp-content\/uploads\/2022\/02\/Nevan-1024x644.jpg 1024w, https:\/\/www.vom-elbhochufer.de\/wp-content\/uploads\/2022\/02\/Nevan-300x189.jpg 300w, https:\/\/www.vom-elbhochufer.de\/wp-content\/uploads\/2022\/02\/Nevan-768x483.jpg 768w, https:\/\/www.vom-elbhochufer.de\/wp-content\/uploads\/2022\/02\/Nevan-1536x965.jpg 1536w, https:\/\/www.vom-elbhochufer.de\/wp-content\/uploads\/2022\/02\/Nevan-2048x1287.jpg 2048w\" sizes=\"auto, (max-width: 1024px) 100vw, 1024px\" \/><\/a><figcaption>Nevan hat alles im Blick&#8230;<\/figcaption><\/figure>\n\n\n\n<figure class=\"wp-block-image size-large is-style-default\"><a href=\"http:\/\/www.vom-elbhochufer.de\/wp-content\/uploads\/2022\/02\/Nevan_240122_01.jpg\"><img loading=\"lazy\" decoding=\"async\" width=\"1024\" height=\"869\" data-id=\"2325\" src=\"http:\/\/www.vom-elbhochufer.de\/wp-content\/uploads\/2022\/02\/Nevan_240122_01-1024x869.jpg\" alt=\"\" class=\"wp-image-2325\" srcset=\"https:\/\/www.vom-elbhochufer.de\/wp-content\/uploads\/2022\/02\/Nevan_240122_01-1024x869.jpg 1024w, https:\/\/www.vom-elbhochufer.de\/wp-content\/uploads\/2022\/02\/Nevan_240122_01-300x255.jpg 300w, https:\/\/www.vom-elbhochufer.de\/wp-content\/uploads\/2022\/02\/Nevan_240122_01-768x652.jpg 768w, https:\/\/www.vom-elbhochufer.de\/wp-content\/uploads\/2022\/02\/Nevan_240122_01-1536x1303.jpg 1536w, https:\/\/www.vom-elbhochufer.de\/wp-content\/uploads\/2022\/02\/Nevan_240122_01.jpg 1716w\" sizes=\"auto, (max-width: 1024px) 100vw, 1024px\" \/><\/a><figcaption>Sein Fell ist toll: kurz und dicht und in ganz hellem lilac (fast) ohne Streifen..<\/figcaption><\/figure>\n<\/figure>\n\n\n\n<figure class=\"wp-block-gallery has-nested-images columns-default is-cropped wp-block-gallery-3 is-layout-flex wp-block-gallery-is-layout-flex\">\n<figure class=\"wp-block-image size-large is-style-default\"><a href=\"http:\/\/www.vom-elbhochufer.de\/wp-content\/uploads\/2022\/02\/Narila_Chrissy_110222_1.jpg\"><img loading=\"lazy\" decoding=\"async\" width=\"975\" height=\"1024\" data-id=\"2326\" src=\"http:\/\/www.vom-elbhochufer.de\/wp-content\/uploads\/2022\/02\/Narila_Chrissy_110222_1-975x1024.jpg\" alt=\"\" class=\"wp-image-2326\" srcset=\"https:\/\/www.vom-elbhochufer.de\/wp-content\/uploads\/2022\/02\/Narila_Chrissy_110222_1-975x1024.jpg 975w, https:\/\/www.vom-elbhochufer.de\/wp-content\/uploads\/2022\/02\/Narila_Chrissy_110222_1-286x300.jpg 286w, https:\/\/www.vom-elbhochufer.de\/wp-content\/uploads\/2022\/02\/Narila_Chrissy_110222_1-768x806.jpg 768w, https:\/\/www.vom-elbhochufer.de\/wp-content\/uploads\/2022\/02\/Narila_Chrissy_110222_1-1463x1536.jpg 1463w, https:\/\/www.vom-elbhochufer.de\/wp-content\/uploads\/2022\/02\/Narila_Chrissy_110222_1-1951x2048.jpg 1951w\" sizes=\"auto, (max-width: 975px) 100vw, 975px\" \/><\/a><figcaption>Narila, ein zauberhafter kleiner Wirbelwind&#8230;<\/figcaption><\/figure>\n\n\n\n<figure class=\"wp-block-image size-large is-style-default\"><a href=\"http:\/\/www.vom-elbhochufer.de\/wp-content\/uploads\/2022\/02\/Narila_Chrissy_110222_2.jpg\"><img loading=\"lazy\" decoding=\"async\" width=\"1001\" height=\"1024\" data-id=\"2327\" src=\"http:\/\/www.vom-elbhochufer.de\/wp-content\/uploads\/2022\/02\/Narila_Chrissy_110222_2-1001x1024.jpg\" alt=\"\" class=\"wp-image-2327\" srcset=\"https:\/\/www.vom-elbhochufer.de\/wp-content\/uploads\/2022\/02\/Narila_Chrissy_110222_2-1001x1024.jpg 1001w, https:\/\/www.vom-elbhochufer.de\/wp-content\/uploads\/2022\/02\/Narila_Chrissy_110222_2-293x300.jpg 293w, https:\/\/www.vom-elbhochufer.de\/wp-content\/uploads\/2022\/02\/Narila_Chrissy_110222_2-768x785.jpg 768w, https:\/\/www.vom-elbhochufer.de\/wp-content\/uploads\/2022\/02\/Narila_Chrissy_110222_2-1502x1536.jpg 1502w, https:\/\/www.vom-elbhochufer.de\/wp-content\/uploads\/2022\/02\/Narila_Chrissy_110222_2-2003x2048.jpg 2003w\" sizes=\"auto, (max-width: 1001px) 100vw, 1001px\" \/><\/a><figcaption>&#8230;sie hat sich toll entwickelt!<\/figcaption><\/figure>\n<\/figure>\n\n\n\n<figure class=\"wp-block-gallery has-nested-images columns-default is-cropped wp-block-gallery-4 is-layout-flex wp-block-gallery-is-layout-flex\">\n<figure class=\"wp-block-image size-large is-style-default\"><a href=\"http:\/\/www.vom-elbhochufer.de\/wp-content\/uploads\/2022\/02\/Nala7372_n.jpg\"><img loading=\"lazy\" decoding=\"async\" width=\"1024\" height=\"768\" data-id=\"2328\" src=\"http:\/\/www.vom-elbhochufer.de\/wp-content\/uploads\/2022\/02\/Nala7372_n-1024x768.jpg\" alt=\"\" class=\"wp-image-2328\" srcset=\"https:\/\/www.vom-elbhochufer.de\/wp-content\/uploads\/2022\/02\/Nala7372_n-1024x768.jpg 1024w, https:\/\/www.vom-elbhochufer.de\/wp-content\/uploads\/2022\/02\/Nala7372_n-300x225.jpg 300w, https:\/\/www.vom-elbhochufer.de\/wp-content\/uploads\/2022\/02\/Nala7372_n-768x576.jpg 768w, https:\/\/www.vom-elbhochufer.de\/wp-content\/uploads\/2022\/02\/Nala7372_n-1536x1152.jpg 1536w, https:\/\/www.vom-elbhochufer.de\/wp-content\/uploads\/2022\/02\/Nala7372_n.jpg 1734w\" sizes=\"auto, (max-width: 1024px) 100vw, 1024px\" \/><\/a><figcaption>Nala ist eine Genie\u00dferin&#8230;.<\/figcaption><\/figure>\n\n\n\n<figure class=\"wp-block-image size-large is-style-default\"><a href=\"http:\/\/www.vom-elbhochufer.de\/wp-content\/uploads\/2022\/02\/Nala346509_n.jpg\"><img loading=\"lazy\" decoding=\"async\" width=\"867\" height=\"651\" data-id=\"2329\" src=\"http:\/\/www.vom-elbhochufer.de\/wp-content\/uploads\/2022\/02\/Nala346509_n.jpg\" alt=\"\" class=\"wp-image-2329\" srcset=\"https:\/\/www.vom-elbhochufer.de\/wp-content\/uploads\/2022\/02\/Nala346509_n.jpg 867w, https:\/\/www.vom-elbhochufer.de\/wp-content\/uploads\/2022\/02\/Nala346509_n-300x225.jpg 300w, https:\/\/www.vom-elbhochufer.de\/wp-content\/uploads\/2022\/02\/Nala346509_n-768x577.jpg 768w\" sizes=\"auto, (max-width: 867px) 100vw, 867px\" \/><\/a><figcaption>&#8230;sie liebt es, gekrault zu werden und kuschelt gerne.<\/figcaption><\/figure>\n<\/figure>\n","protected":false},"excerpt":{"rendered":"<p>unser M-Wurf ~vom Elbhochufer~! *10.07.2021 die stolzen Eltern sind: Easy Rider of British Sky &amp; Kelija vom Elbhochufer Easy Rider: BKH in der Farbe: blau \/blue, Blutgruppe A\/b, HCM negativ, PKD Gentest negativ.P\u00fcppi (Kelija): BKH in der Farbe: white \/ orange eyed (wei\u00df mit orangefarbenen Augen) tr\u00e4gt chocolate, Blutgruppe A\/b, PKD Gentest negativ, HCM negativ.&hellip; <a class=\"more-link\" href=\"https:\/\/www.vom-elbhochufer.de\/?page_id=2221\"><span class=\"screen-reader-text\">N- Wurf vom Elbhochufer<\/span> weiterlesen<\/a><\/p>\n","protected":false},"author":1,"featured_media":0,"parent":0,"menu_order":0,"comment_status":"closed","ping_status":"closed","template":"","meta":{"footnotes":""},"class_list":["post-2221","page","type-page","status-publish","hentry","entry"],"_links":{"self":[{"href":"https:\/\/www.vom-elbhochufer.de\/index.php?rest_route=\/wp\/v2\/pages\/2221","targetHints":{"allow":["GET"]}}],"collection":[{"href":"https:\/\/www.vom-elbhochufer.de\/index.php?rest_route=\/wp\/v2\/pages"}],"about":[{"href":"https:\/\/www.vom-elbhochufer.de\/index.php?rest_route=\/wp\/v2\/types\/page"}],"author":[{"embeddable":true,"href":"https:\/\/www.vom-elbhochufer.de\/index.php?rest_route=\/wp\/v2\/users\/1"}],"replies":[{"embeddable":true,"href":"https:\/\/www.vom-elbhochufer.de\/index.php?rest_route=%2Fwp%2Fv2%2Fcomments&post=2221"}],"version-history":[{"count":17,"href":"https:\/\/www.vom-elbhochufer.de\/index.php?rest_route=\/wp\/v2\/pages\/2221\/revisions"}],"predecessor-version":[{"id":2346,"href":"https:\/\/www.vom-elbhochufer.de\/index.php?rest_route=\/wp\/v2\/pages\/2221\/revisions\/2346"}],"wp:attachment":[{"href":"https:\/\/www.vom-elbhochufer.de\/index.php?rest_route=%2Fwp%2Fv2%2Fmedia&parent=2221"}],"curies":[{"name":"wp","href":"https:\/\/api.w.org\/{rel}","templated":true}]}}