{"id":295,"date":"2014-09-10T14:58:05","date_gmt":"2014-09-10T12:58:05","guid":{"rendered":"http:\/\/www.vom-elbhochufer.de\/?page_id=295"},"modified":"2022-03-08T20:36:07","modified_gmt":"2022-03-08T19:36:07","slug":"vicky-viktoria-vom-audeichhof","status":"publish","type":"page","link":"https:\/\/www.vom-elbhochufer.de\/?page_id=295","title":{"rendered":"&#8222;Vicky&#8220; Viktoria vom Audeichhof"},"content":{"rendered":"<h3>Viktoria vom Audeichhof<a href=\"http:\/\/www.vom-elbhochufer.de\/wp-content\/uploads\/2014\/09\/vire5.jpg\"><img loading=\"lazy\" decoding=\"async\" class=\"alignright size-medium wp-image-296\" src=\"http:\/\/www.vom-elbhochufer.de\/wp-content\/uploads\/2014\/09\/vire5-283x300.jpg\" alt=\"vire5\" width=\"283\" height=\"300\" srcset=\"https:\/\/www.vom-elbhochufer.de\/wp-content\/uploads\/2014\/09\/vire5-283x300.jpg 283w, https:\/\/www.vom-elbhochufer.de\/wp-content\/uploads\/2014\/09\/vire5.jpg 378w\" sizes=\"auto, (max-width: 283px) 100vw, 283px\" \/><\/a><\/h3>\n<h5>Britisch Kurzhaar<\/h5>\n<p>*14.04.2004&nbsp; \u2020 05.03.2022<\/p>\n<p>Farbe: black<\/p>\n<p>Unsere pechschwarze Viktoria besticht durch ihre wunder- vollen orangefarbenen Augen. Au\u00dferdem hat sie<br>\nden Schalk im Nacken und tobt gern durch die Wohnung. Wenn es ums Kuscheln geht<br>\nist sie eine echte Genie\u00dferin. Vicky ist kastriert und nimmt ihre Pflichten als Tante, &#8222;Chefkontrolleur&#8220; und&nbsp; nat\u00fcrlich Kuschelkatze bei uns sehr ernst.<br>\nAm Samstag ist Vicky mit 18 Jahren \u00fcber die Regenbr\u00fccke gegangen. Sie wird mir sehr fehlen.<\/p>\n<table id=\"table2\" style=\"border-collapse: collapse; border-width: 1px;\" width=\"766\" cellpadding=\"2\" border=\"1\">\n<tbody>\n<tr>\n<td rowspan=\"4\" width=\"205\">Ch.<br>\nSchneeb\u00e4r&nbsp; vom Audeichhof<br>\nFarbe: white\/orange eyes<\/td>\n<td rowspan=\"2\" width=\"217\">Gr. Ch. Int.<br>\nDon Camillo vom AudeichhofFarbe: blue<\/td>\n<td width=\"328\">Wraithy of Lebaeg<\/td>\n<\/tr>\n<tr>\n<td width=\"328\">Charmalott vom Audeichhof<\/td>\n<\/tr>\n<tr>\n<td rowspan=\"2\" width=\"217\">Ch. Samti von Minzow<p><\/p>\n<p>Farbe: white\/orange eyes<\/p><\/td>\n<td width=\"328\">Ch. Int. Galleksy&#8217;s Atilla (NL)<\/td>\n<\/tr>\n<tr>\n<td width=\"328\">Mona-Lisa von Minzow<\/td>\n<\/tr>\n<tr>\n<td rowspan=\"4\" width=\"205\">Ch. Int.<br>\nElisha vom K\u00fcselwind<br>\nFarbe: black<\/td>\n<td rowspan=\"2\" width=\"217\">RVDE G\u00fc\/World Ch.Tischler&#8217;s Figaro<p><\/p>\n<p>Farbe: chocolate<\/p><\/td>\n<td width=\"328\">Euro. Ch. Kevin von der bunten Stadt<\/td>\n<\/tr>\n<tr>\n<td width=\"328\">Gr. Ch. Int. Quicky of Lebaeg<\/td>\n<\/tr>\n<tr>\n<td rowspan=\"2\" width=\"217\">Ch.Tischler&#8217;s Wendy<p><\/p>\n<p>Farbe: black-tortie<\/p><\/td>\n<td width=\"328\">RVDE G\u00fc\/World.Ch. Darkwin aus dem Wiedenort<\/td>\n<\/tr>\n<tr>\n<td width=\"328\">Ch. Odilie von der bunten Stadt<\/td>\n<\/tr>\n<\/tbody>\n<\/table>\n\n\n<figure class=\"wp-block-gallery has-nested-images columns-default is-cropped wp-block-gallery-1 is-layout-flex wp-block-gallery-is-layout-flex\">\n<figure class=\"wp-block-image size-large is-style-default\"><a href=\"http:\/\/www.vom-elbhochufer.de\/wp-content\/uploads\/2022\/03\/DSC_3900-scaled.jpg\"><img loading=\"lazy\" decoding=\"async\" width=\"1024\" height=\"919\" data-id=\"2351\" src=\"http:\/\/www.vom-elbhochufer.de\/wp-content\/uploads\/2022\/03\/DSC_3900-1024x919.jpg\" alt=\"\" class=\"wp-image-2351\" srcset=\"https:\/\/www.vom-elbhochufer.de\/wp-content\/uploads\/2022\/03\/DSC_3900-1024x919.jpg 1024w, https:\/\/www.vom-elbhochufer.de\/wp-content\/uploads\/2022\/03\/DSC_3900-300x269.jpg 300w, https:\/\/www.vom-elbhochufer.de\/wp-content\/uploads\/2022\/03\/DSC_3900-768x690.jpg 768w, https:\/\/www.vom-elbhochufer.de\/wp-content\/uploads\/2022\/03\/DSC_3900-1536x1379.jpg 1536w, https:\/\/www.vom-elbhochufer.de\/wp-content\/uploads\/2022\/03\/DSC_3900-2048x1839.jpg 2048w\" sizes=\"auto, (max-width: 1024px) 100vw, 1024px\" \/><\/a><\/figure>\n\n\n\n<figure class=\"wp-block-image size-large is-style-default\"><a href=\"http:\/\/www.vom-elbhochufer.de\/wp-content\/uploads\/2022\/03\/DSC_3903-scaled.jpg\"><img loading=\"lazy\" decoding=\"async\" width=\"1024\" height=\"680\" data-id=\"2354\" src=\"http:\/\/www.vom-elbhochufer.de\/wp-content\/uploads\/2022\/03\/DSC_3903-1024x680.jpg\" alt=\"\" class=\"wp-image-2354\" srcset=\"https:\/\/www.vom-elbhochufer.de\/wp-content\/uploads\/2022\/03\/DSC_3903-1024x680.jpg 1024w, https:\/\/www.vom-elbhochufer.de\/wp-content\/uploads\/2022\/03\/DSC_3903-300x199.jpg 300w, https:\/\/www.vom-elbhochufer.de\/wp-content\/uploads\/2022\/03\/DSC_3903-768x510.jpg 768w, https:\/\/www.vom-elbhochufer.de\/wp-content\/uploads\/2022\/03\/DSC_3903-1536x1020.jpg 1536w, https:\/\/www.vom-elbhochufer.de\/wp-content\/uploads\/2022\/03\/DSC_3903-2048x1360.jpg 2048w\" sizes=\"auto, (max-width: 1024px) 100vw, 1024px\" \/><\/a><\/figure>\n\n\n\n<figure class=\"wp-block-image size-large is-style-default\"><a href=\"http:\/\/www.vom-elbhochufer.de\/wp-content\/uploads\/2022\/03\/DSC_3907-scaled.jpg\"><img loading=\"lazy\" decoding=\"async\" width=\"1024\" height=\"680\" data-id=\"2355\" src=\"http:\/\/www.vom-elbhochufer.de\/wp-content\/uploads\/2022\/03\/DSC_3907-1024x680.jpg\" alt=\"\" class=\"wp-image-2355\" srcset=\"https:\/\/www.vom-elbhochufer.de\/wp-content\/uploads\/2022\/03\/DSC_3907-1024x680.jpg 1024w, https:\/\/www.vom-elbhochufer.de\/wp-content\/uploads\/2022\/03\/DSC_3907-300x199.jpg 300w, https:\/\/www.vom-elbhochufer.de\/wp-content\/uploads\/2022\/03\/DSC_3907-768x510.jpg 768w, https:\/\/www.vom-elbhochufer.de\/wp-content\/uploads\/2022\/03\/DSC_3907-1536x1020.jpg 1536w, https:\/\/www.vom-elbhochufer.de\/wp-content\/uploads\/2022\/03\/DSC_3907-2048x1360.jpg 2048w\" sizes=\"auto, (max-width: 1024px) 100vw, 1024px\" \/><\/a><\/figure>\n\n\n\n<figure class=\"wp-block-image size-large is-style-default\"><a href=\"http:\/\/www.vom-elbhochufer.de\/wp-content\/uploads\/2022\/03\/DSC_3911-scaled.jpg\"><img loading=\"lazy\" decoding=\"async\" width=\"680\" height=\"1024\" data-id=\"2356\" src=\"http:\/\/www.vom-elbhochufer.de\/wp-content\/uploads\/2022\/03\/DSC_3911-680x1024.jpg\" alt=\"\" class=\"wp-image-2356\" srcset=\"https:\/\/www.vom-elbhochufer.de\/wp-content\/uploads\/2022\/03\/DSC_3911-680x1024.jpg 680w, https:\/\/www.vom-elbhochufer.de\/wp-content\/uploads\/2022\/03\/DSC_3911-199x300.jpg 199w, https:\/\/www.vom-elbhochufer.de\/wp-content\/uploads\/2022\/03\/DSC_3911-768x1156.jpg 768w, https:\/\/www.vom-elbhochufer.de\/wp-content\/uploads\/2022\/03\/DSC_3911-1020x1536.jpg 1020w, https:\/\/www.vom-elbhochufer.de\/wp-content\/uploads\/2022\/03\/DSC_3911-1360x2048.jpg 1360w, https:\/\/www.vom-elbhochufer.de\/wp-content\/uploads\/2022\/03\/DSC_3911-scaled.jpg 1700w\" sizes=\"auto, (max-width: 680px) 100vw, 680px\" \/><\/a><\/figure>\n\n\n\n<figure class=\"wp-block-image size-large is-style-default\"><a href=\"http:\/\/www.vom-elbhochufer.de\/wp-content\/uploads\/2022\/03\/DSC_3912-scaled.jpg\"><img loading=\"lazy\" decoding=\"async\" width=\"680\" height=\"1024\" data-id=\"2353\" src=\"http:\/\/www.vom-elbhochufer.de\/wp-content\/uploads\/2022\/03\/DSC_3912-680x1024.jpg\" alt=\"\" class=\"wp-image-2353\" srcset=\"https:\/\/www.vom-elbhochufer.de\/wp-content\/uploads\/2022\/03\/DSC_3912-680x1024.jpg 680w, https:\/\/www.vom-elbhochufer.de\/wp-content\/uploads\/2022\/03\/DSC_3912-199x300.jpg 199w, https:\/\/www.vom-elbhochufer.de\/wp-content\/uploads\/2022\/03\/DSC_3912-768x1156.jpg 768w, https:\/\/www.vom-elbhochufer.de\/wp-content\/uploads\/2022\/03\/DSC_3912-1020x1536.jpg 1020w, https:\/\/www.vom-elbhochufer.de\/wp-content\/uploads\/2022\/03\/DSC_3912-1360x2048.jpg 1360w, https:\/\/www.vom-elbhochufer.de\/wp-content\/uploads\/2022\/03\/DSC_3912-scaled.jpg 1700w\" sizes=\"auto, (max-width: 680px) 100vw, 680px\" \/><\/a><\/figure>\n\n\n\n<figure class=\"wp-block-image size-large is-style-default\"><a href=\"http:\/\/www.vom-elbhochufer.de\/wp-content\/uploads\/2022\/03\/DSC_3915-scaled.jpg\"><img loading=\"lazy\" decoding=\"async\" width=\"680\" height=\"1024\" data-id=\"2352\" src=\"http:\/\/www.vom-elbhochufer.de\/wp-content\/uploads\/2022\/03\/DSC_3915-680x1024.jpg\" alt=\"\" class=\"wp-image-2352\" srcset=\"https:\/\/www.vom-elbhochufer.de\/wp-content\/uploads\/2022\/03\/DSC_3915-680x1024.jpg 680w, https:\/\/www.vom-elbhochufer.de\/wp-content\/uploads\/2022\/03\/DSC_3915-199x300.jpg 199w, https:\/\/www.vom-elbhochufer.de\/wp-content\/uploads\/2022\/03\/DSC_3915-768x1156.jpg 768w, https:\/\/www.vom-elbhochufer.de\/wp-content\/uploads\/2022\/03\/DSC_3915-1020x1536.jpg 1020w, https:\/\/www.vom-elbhochufer.de\/wp-content\/uploads\/2022\/03\/DSC_3915-1360x2048.jpg 1360w, https:\/\/www.vom-elbhochufer.de\/wp-content\/uploads\/2022\/03\/DSC_3915-scaled.jpg 1700w\" sizes=\"auto, (max-width: 680px) 100vw, 680px\" \/><\/a><\/figure>\n\n\n\n<figure class=\"wp-block-image size-large is-style-default\"><a href=\"http:\/\/www.vom-elbhochufer.de\/wp-content\/uploads\/2022\/03\/DSC_3918-scaled.jpg\"><img loading=\"lazy\" decoding=\"async\" width=\"680\" height=\"1024\" data-id=\"2359\" src=\"http:\/\/www.vom-elbhochufer.de\/wp-content\/uploads\/2022\/03\/DSC_3918-680x1024.jpg\" alt=\"\" class=\"wp-image-2359\" srcset=\"https:\/\/www.vom-elbhochufer.de\/wp-content\/uploads\/2022\/03\/DSC_3918-680x1024.jpg 680w, https:\/\/www.vom-elbhochufer.de\/wp-content\/uploads\/2022\/03\/DSC_3918-199x300.jpg 199w, https:\/\/www.vom-elbhochufer.de\/wp-content\/uploads\/2022\/03\/DSC_3918-768x1156.jpg 768w, https:\/\/www.vom-elbhochufer.de\/wp-content\/uploads\/2022\/03\/DSC_3918-1020x1536.jpg 1020w, https:\/\/www.vom-elbhochufer.de\/wp-content\/uploads\/2022\/03\/DSC_3918-1360x2048.jpg 1360w, https:\/\/www.vom-elbhochufer.de\/wp-content\/uploads\/2022\/03\/DSC_3918-scaled.jpg 1700w\" sizes=\"auto, (max-width: 680px) 100vw, 680px\" \/><\/a><\/figure>\n\n\n\n<figure class=\"wp-block-image size-large is-style-default\"><a href=\"http:\/\/www.vom-elbhochufer.de\/wp-content\/uploads\/2022\/03\/DSC_3926-scaled.jpg\"><img loading=\"lazy\" decoding=\"async\" width=\"1024\" height=\"680\" data-id=\"2358\" src=\"http:\/\/www.vom-elbhochufer.de\/wp-content\/uploads\/2022\/03\/DSC_3926-1024x680.jpg\" alt=\"\" class=\"wp-image-2358\" srcset=\"https:\/\/www.vom-elbhochufer.de\/wp-content\/uploads\/2022\/03\/DSC_3926-1024x680.jpg 1024w, https:\/\/www.vom-elbhochufer.de\/wp-content\/uploads\/2022\/03\/DSC_3926-300x199.jpg 300w, https:\/\/www.vom-elbhochufer.de\/wp-content\/uploads\/2022\/03\/DSC_3926-768x510.jpg 768w, https:\/\/www.vom-elbhochufer.de\/wp-content\/uploads\/2022\/03\/DSC_3926-1536x1020.jpg 1536w, https:\/\/www.vom-elbhochufer.de\/wp-content\/uploads\/2022\/03\/DSC_3926-2048x1360.jpg 2048w\" sizes=\"auto, (max-width: 1024px) 100vw, 1024px\" \/><\/a><\/figure>\n\n\n\n<figure class=\"wp-block-image size-large is-style-default\"><a href=\"http:\/\/www.vom-elbhochufer.de\/wp-content\/uploads\/2022\/03\/DSC_3942-scaled.jpg\"><img loading=\"lazy\" decoding=\"async\" width=\"1024\" height=\"680\" data-id=\"2357\" src=\"http:\/\/www.vom-elbhochufer.de\/wp-content\/uploads\/2022\/03\/DSC_3942-1024x680.jpg\" alt=\"\" class=\"wp-image-2357\" srcset=\"https:\/\/www.vom-elbhochufer.de\/wp-content\/uploads\/2022\/03\/DSC_3942-1024x680.jpg 1024w, https:\/\/www.vom-elbhochufer.de\/wp-content\/uploads\/2022\/03\/DSC_3942-300x199.jpg 300w, https:\/\/www.vom-elbhochufer.de\/wp-content\/uploads\/2022\/03\/DSC_3942-768x510.jpg 768w, https:\/\/www.vom-elbhochufer.de\/wp-content\/uploads\/2022\/03\/DSC_3942-1536x1020.jpg 1536w, https:\/\/www.vom-elbhochufer.de\/wp-content\/uploads\/2022\/03\/DSC_3942-2048x1360.jpg 2048w\" sizes=\"auto, (max-width: 1024px) 100vw, 1024px\" \/><\/a><\/figure>\n<\/figure>\n","protected":false},"excerpt":{"rendered":"<p>Viktoria vom Audeichhof Britisch Kurzhaar *14.04.2004&nbsp; \u2020 05.03.2022 Farbe: black Unsere pechschwarze Viktoria besticht durch ihre wunder- vollen orangefarbenen Augen. Au\u00dferdem hat sie den Schalk im Nacken und tobt gern durch die Wohnung. Wenn es ums Kuscheln geht ist sie eine echte Genie\u00dferin. Vicky ist kastriert und nimmt ihre Pflichten als Tante, &#8222;Chefkontrolleur&#8220; und&nbsp; nat\u00fcrlich&hellip; <a class=\"more-link\" href=\"https:\/\/www.vom-elbhochufer.de\/?page_id=295\"><span class=\"screen-reader-text\">&#8222;Vicky&#8220; Viktoria vom Audeichhof<\/span> weiterlesen<\/a><\/p>\n","protected":false},"author":1,"featured_media":0,"parent":38,"menu_order":0,"comment_status":"closed","ping_status":"open","template":"","meta":{"footnotes":""},"class_list":["post-295","page","type-page","status-publish","hentry","entry"],"_links":{"self":[{"href":"https:\/\/www.vom-elbhochufer.de\/index.php?rest_route=\/wp\/v2\/pages\/295","targetHints":{"allow":["GET"]}}],"collection":[{"href":"https:\/\/www.vom-elbhochufer.de\/index.php?rest_route=\/wp\/v2\/pages"}],"about":[{"href":"https:\/\/www.vom-elbhochufer.de\/index.php?rest_route=\/wp\/v2\/types\/page"}],"author":[{"embeddable":true,"href":"https:\/\/www.vom-elbhochufer.de\/index.php?rest_route=\/wp\/v2\/users\/1"}],"replies":[{"embeddable":true,"href":"https:\/\/www.vom-elbhochufer.de\/index.php?rest_route=%2Fwp%2Fv2%2Fcomments&post=295"}],"version-history":[{"count":5,"href":"https:\/\/www.vom-elbhochufer.de\/index.php?rest_route=\/wp\/v2\/pages\/295\/revisions"}],"predecessor-version":[{"id":2360,"href":"https:\/\/www.vom-elbhochufer.de\/index.php?rest_route=\/wp\/v2\/pages\/295\/revisions\/2360"}],"up":[{"embeddable":true,"href":"https:\/\/www.vom-elbhochufer.de\/index.php?rest_route=\/wp\/v2\/pages\/38"}],"wp:attachment":[{"href":"https:\/\/www.vom-elbhochufer.de\/index.php?rest_route=%2Fwp%2Fv2%2Fmedia&parent=295"}],"curies":[{"name":"wp","href":"https:\/\/api.w.org\/{rel}","templated":true}]}}