{"id":429,"date":"2014-09-16T19:57:22","date_gmt":"2014-09-16T17:57:22","guid":{"rendered":"http:\/\/www.vom-elbhochufer.de\/?page_id=429"},"modified":"2014-10-16T21:03:54","modified_gmt":"2014-10-16T19:03:54","slug":"alva","status":"publish","type":"page","link":"https:\/\/www.vom-elbhochufer.de\/?page_id=429","title":{"rendered":"Alva vom Elbhochufer"},"content":{"rendered":"<h3>Alva vom Elbhochufer<\/h3>\n<h5><a href=\"http:\/\/www.vom-elbhochufer.de\/wp-content\/uploads\/2014\/09\/alvaneukl.jpg\"><img loading=\"lazy\" decoding=\"async\" class=\"alignright size-full wp-image-431\" src=\"http:\/\/www.vom-elbhochufer.de\/wp-content\/uploads\/2014\/09\/alvaneukl.jpg\" alt=\"alvaneukl\" width=\"150\" height=\"142\" \/><\/a><strong>Britisch Kurzhaar<\/strong><\/h5>\n<h6>*13.03.2009<\/h6>\n<h6>Farbe: white\/orange eyes<br \/>\n(gen. blue tortie, tr\u00e4gt chocolate)<\/h6>\n<p>Sie hat superkurzes, dichtes, wei\u00dfes Fell und sehr dunkle orangefarbene Augen.<br \/>\nAlva hat ein fr\u00f6hliches, aufgewecktes Wesen, sie spielt viel und gerne, wobei das Kuscheln und Schmusen nat\u00fcrlich auch nicht zu kurz kommen darf!<\/p>\n<p>Alva ist ausgezogen! Sie wohnt jetzt mit ihrer Schwester Aina in einer WG. Ich hoffe, ihr habt viel Freude mit den 2 s\u00fc\u00dfen &#8222;M\u00e4usen&#8220;!<br \/>\n[nggallery id=22]<\/p>\n","protected":false},"excerpt":{"rendered":"<p>Alva vom Elbhochufer Britisch Kurzhaar *13.03.2009 Farbe: white\/orange eyes (gen. blue tortie, tr\u00e4gt chocolate) Sie hat superkurzes, dichtes, wei\u00dfes Fell und sehr dunkle orangefarbene Augen. Alva hat ein fr\u00f6hliches, aufgewecktes Wesen, sie spielt viel und gerne, wobei das Kuscheln und Schmusen nat\u00fcrlich auch nicht zu kurz kommen darf! Alva ist ausgezogen! Sie wohnt jetzt mit&hellip; <a class=\"more-link\" href=\"https:\/\/www.vom-elbhochufer.de\/?page_id=429\"><span class=\"screen-reader-text\">Alva vom Elbhochufer<\/span> weiterlesen<\/a><\/p>\n","protected":false},"author":1,"featured_media":0,"parent":390,"menu_order":0,"comment_status":"closed","ping_status":"open","template":"","meta":{"footnotes":""},"class_list":["post-429","page","type-page","status-publish","hentry","entry"],"_links":{"self":[{"href":"https:\/\/www.vom-elbhochufer.de\/index.php?rest_route=\/wp\/v2\/pages\/429","targetHints":{"allow":["GET"]}}],"collection":[{"href":"https:\/\/www.vom-elbhochufer.de\/index.php?rest_route=\/wp\/v2\/pages"}],"about":[{"href":"https:\/\/www.vom-elbhochufer.de\/index.php?rest_route=\/wp\/v2\/types\/page"}],"author":[{"embeddable":true,"href":"https:\/\/www.vom-elbhochufer.de\/index.php?rest_route=\/wp\/v2\/users\/1"}],"replies":[{"embeddable":true,"href":"https:\/\/www.vom-elbhochufer.de\/index.php?rest_route=%2Fwp%2Fv2%2Fcomments&post=429"}],"version-history":[{"count":7,"href":"https:\/\/www.vom-elbhochufer.de\/index.php?rest_route=\/wp\/v2\/pages\/429\/revisions"}],"predecessor-version":[{"id":509,"href":"https:\/\/www.vom-elbhochufer.de\/index.php?rest_route=\/wp\/v2\/pages\/429\/revisions\/509"}],"up":[{"embeddable":true,"href":"https:\/\/www.vom-elbhochufer.de\/index.php?rest_route=\/wp\/v2\/pages\/390"}],"wp:attachment":[{"href":"https:\/\/www.vom-elbhochufer.de\/index.php?rest_route=%2Fwp%2Fv2%2Fmedia&parent=429"}],"curies":[{"name":"wp","href":"https:\/\/api.w.org\/{rel}","templated":true}]}}